{"id":29068,"date":"2023-08-30T11:21:36","date_gmt":"2023-08-30T09:21:36","guid":{"rendered":"https:\/\/pvgroup.pl\/index.php\/produkt\/growatt-wit-75ktl3-h-lv\/"},"modified":"2026-04-10T11:18:22","modified_gmt":"2026-04-10T09:18:22","slug":"growatt-wit-75ktl3-h-lv","status":"publish","type":"product","link":"https:\/\/pvgroup.pl\/index.php\/produkt\/growatt-wit-75ktl3-h-lv\/","title":{"rendered":"Growatt WIT 75KTL3-H-LV"},"content":{"rendered":"<h1 style=\"text-align: center\"><strong>Falownik<\/strong> GROWATT WIT 75KTL3-H-LV 3 fazowy<\/h1>\n<h3 style=\"text-align: center\"><\/h3>\n<p>&nbsp;<\/p>\n<p><img loading=\"lazy\" decoding=\"async\" class=\"aligncenter wp-image-29152\" src=\"https:\/\/pvgroup.pl\/wp-content\/uploads\/2023\/08\/GROWATT-POWERING-TOMORROW.png\" alt=\"GROWATT-POWERING-TOMORROW\" width=\"612\" height=\"148\" srcset=\"https:\/\/pvgroup.pl\/wp-content\/uploads\/2023\/08\/GROWATT-POWERING-TOMORROW.png 2008w, https:\/\/pvgroup.pl\/wp-content\/uploads\/2023\/08\/GROWATT-POWERING-TOMORROW-300x73.png 300w, https:\/\/pvgroup.pl\/wp-content\/uploads\/2023\/08\/GROWATT-POWERING-TOMORROW-1024x248.png 1024w, https:\/\/pvgroup.pl\/wp-content\/uploads\/2023\/08\/GROWATT-POWERING-TOMORROW-768x186.png 768w, https:\/\/pvgroup.pl\/wp-content\/uploads\/2023\/08\/GROWATT-POWERING-TOMORROW-1536x373.png 1536w, https:\/\/pvgroup.pl\/wp-content\/uploads\/2023\/08\/GROWATT-POWERING-TOMORROW-600x146.png 600w\" sizes=\"auto, (max-width: 612px) 100vw, 612px\" \/><\/p>\n<p>&nbsp;<\/p>\n<p>&nbsp;<\/p>\n<h3 style=\"text-align: center\">Je\u015bli jeste\u015b zainteresowany zakupem wybranego falownika w ilo\u015bciach hurtowych, skontaktuj si\u0119 z naszym zespo\u0142em <a href=\"mailto:info@pvgroup.pl\">info@pvgroup.pl<\/a><\/h3>\n<p>&nbsp;<\/p>\n<p>&nbsp;<\/p>\n<h3 style=\"text-align: center\">INVERTER GROWATT WIT 75KTL3-H-LV<\/h3>\n<p><img loading=\"lazy\" decoding=\"async\" class=\"aligncenter size-full wp-image-29016\" src=\"https:\/\/pvgroup.pl\/wp-content\/uploads\/2023\/08\/Falownik-hybrydowy-Growatt.png\" alt=\"Falownik hybrydowy Growatt\" width=\"497\" height=\"502\" srcset=\"https:\/\/pvgroup.pl\/wp-content\/uploads\/2023\/08\/Falownik-hybrydowy-Growatt.png 497w, https:\/\/pvgroup.pl\/wp-content\/uploads\/2023\/08\/Falownik-hybrydowy-Growatt-297x300.png 297w, https:\/\/pvgroup.pl\/wp-content\/uploads\/2023\/08\/Falownik-hybrydowy-Growatt-100x100.png 100w\" sizes=\"auto, (max-width: 497px) 100vw, 497px\" \/><\/p>\n<p>&nbsp;<\/p>\n<p>&nbsp;<\/p>\n<p>Falownik GROWATT WIT 75KTL3-H-LV charakteryzuje si\u0119 przyst\u0119pn\u0105 cen\u0105 i wysok\u0105 jako\u015bci\u0105. Jest certyfikowany na rynek globalny i cz\u0119sto wykorzystywany w instalacjach komercyjnych. Falowniki Growatt WIT mo\u017cna kupi\u0107 z magazynem energii APX o pojemno\u015bci od 71 do 200 kWh.<\/p>\n<p>Magazynowanie energii dla falownik\u00f3w GROWATT WIT 75KTL3-H-LV to \u015bwietne rozwi\u0105zanie maksymalizuj\u0105ce zu\u017cycie w\u0142asne i potencjaln\u0105 funkcj\u0119 zapasow\u0105. Zainstalowanie falownika WIT 75KTL3-H-LV wraz z magazynem energii APX pozwala ograniczy\u0107 wysy\u0142anie energii do sieci i zamiast tego przechowywa\u0107 wyprodukowan\u0105 energi\u0119 w akumulatorach. Dzi\u0119ki temu rozwi\u0105zaniu mo\u017cemy w wi\u0119kszym stopniu uniezale\u017cni\u0107 si\u0119 od cen energii od firmy dystrybucyjnej.<\/p>\n<p>Tr\u00f3jfazowe inwertery magazynuj\u0105ce energi\u0119 przeznaczone s\u0105 do zastosowa\u0144 komercyjnych. Dost\u0119pne moce: 50kW, 63kW, 75kW, 100kW. Falownik jest r\u00f3wnie\u017c wyposa\u017cony w szereg zaawansowanych funkcji, kt\u00f3re u\u0142atwiaj\u0105 jego instalacj\u0119 i u\u017cytkowanie. Posiada przyjazny dla u\u017cytkownika interfejs, kt\u00f3ry pozwala w\u0142a\u015bcicielom dom\u00f3w i instalatorom monitorowa\u0107 wydajno\u015b\u0107 systemu i dostosowywa\u0107 ustawienia w razie potrzeby. Falownik jest r\u00f3wnie\u017c kompatybilny z wieloma systemami monitorowania, w tym WiFi, Ethernet i RS485.<\/p>\n<p>&nbsp;<\/p>\n<div class=\"first-section-boxes general-info\">\n<h3>INFORMACJE OG\u00d3LNE<\/h3>\n<ul>\n<li>Skalowalna konfiguracja systemu, mo\u017cliwo\u015b\u0107 rozbudowy do 300 kW<\/li>\n<li>Obs\u0142uga funkcji UPS i czarnego startu<\/li>\n<li>100% niezr\u00f3wnowa\u017conego obci\u0105\u017cenia podczas podtrzymania &#8211;<\/li>\n<li>110% ci\u0105g\u0142ej zdolno\u015bci przeci\u0105\u017ceniowej AC<\/li>\n<li>Obs\u0142uga zdalnego sterowania DG &#8211; Wej\u015bcie wielu MPPT &#8211; Funkcje wsparcia sieci<\/li>\n<li>Funkcje wsparcia sieci<\/li>\n<\/ul>\n<\/div>\n<div class=\"first-section-boxes general-info\">\n<p>&nbsp;<\/p>\n<\/div>\n<h3 class=\"first-section-boxes general-info\" style=\"text-align: center\">Za bezpiecze\u0144stwo przesy\u0142ek falownik\u00f3w odpowiada firma:<\/h3>\n<p>&nbsp;<\/p>\n<p style=\"text-align: center\"><img loading=\"lazy\" decoding=\"async\" class=\"aligncenter size-full wp-image-13452\" src=\"https:\/\/pvgroup.pl\/wp-content\/uploads\/2020\/11\/Logo-Raben-PVGroup.pl-mi-e1644249674757.jpg\" alt=\"Logo Raben - transport\" width=\"446\" height=\"184\" srcset=\"https:\/\/pvgroup.pl\/wp-content\/uploads\/2020\/11\/Logo-Raben-PVGroup.pl-mi-e1644249674757.jpg 446w, https:\/\/pvgroup.pl\/wp-content\/uploads\/2020\/11\/Logo-Raben-PVGroup.pl-mi-e1644249674757-300x124.jpg 300w\" sizes=\"auto, (max-width: 446px) 100vw, 446px\" \/><\/p>\n<p>&nbsp;<\/p>\n<p style=\"text-align: center\">Falowniki Growatt s\u0105 dostarczane ubezpieczonym transportem. Przesy\u0142ki s\u0105 pakowane z wielk\u0105 staranno\u015bci\u0105 w taki spos\u00f3b, aby falownik dotar\u0142 do miejsca przeznaczenia nieuszkodzony.<\/p>\n<p>&nbsp;<\/p>\n<p>&nbsp;<\/p>\n<div class=\"first-section-boxes general-info\" style=\"text-align: center\">\n<div class=\"first-section-boxes general-info\" style=\"text-align: center\">\n<div class=\"first-section-boxes general-info\" style=\"text-align: center\">\n<h3 style=\"text-align: left\">Podstawowe dane techniczne falownika GROWATT WIT 75KTL3-H-LV:<\/h3>\n<ul>\n<li style=\"text-align: left\">Maks. zalecana moc PV (dla modu\u0142u STC) [W]: 156000<\/li>\n<li style=\"text-align: left\">Maks. Napi\u0119cie DC: 1100<\/li>\n<li style=\"text-align: left\">Napi\u0119cie nominalne: 550<\/li>\n<li style=\"text-align: left\">Moc nominalna AC [W]: 75000<\/li>\n<li style=\"text-align: left\">Maks. moc \u0142adowania [W] 85100<\/li>\n<li style=\"text-align: left\">Maks. moc roz\u0142adowania [W]: 85100<\/li>\n<li style=\"text-align: left\">Maks. pr\u0105d wyj\u015bciowy [A] : 136,4<\/li>\n<li style=\"text-align: left\">Wymiary (szer.\/wys.\/g\u0142.) [mm] : 820\/1350\/510<\/li>\n<li style=\"text-align: left\">Waga [kg] : 160<\/li>\n<li style=\"text-align: left\">Maks. wydajno\u015b\u0107 [%] : 98,2<\/li>\n<li style=\"text-align: left\">Stopie\u0144 ochrony: IP66<\/li>\n<li style=\"text-align: left\">Interfejsy: RS485\/CAN\/USB<\/li>\n<li style=\"text-align: left\">Ch\u0142odzenie: Inteligentne ch\u0142odzenie powietrzem<\/li>\n<li style=\"text-align: left\">Topologia: beztransformatorowa<img loading=\"lazy\" decoding=\"async\" class=\"alignnone wp-image-8938\" style=\"font-size: 16px\" src=\"https:\/\/growatt.tech\/wp-content\/uploads\/2023\/02\/linia.png\" alt=\"\" width=\"8492\" height=\"100\" \/><\/li>\n<\/ul>\n<\/div>\n<\/div>\n<\/div>\n<div class=\"first-section-boxes general-info\" style=\"text-align: center\">\n<h3 class=\"wp-block-image\"><\/h3>\n<\/div>\n<h4><img loading=\"lazy\" decoding=\"async\" class=\"aligncenter wp-image-1570 size-medium\" src=\"https:\/\/pvgroup.pl\/wp-content\/uploads\/2019\/10\/cropped-PVGroup-logotyp_RGB-kolor-01-300x100.png\" alt=\"Logo pvgroup\" width=\"300\" height=\"100\" srcset=\"https:\/\/pvgroup.pl\/wp-content\/uploads\/2019\/10\/cropped-PVGroup-logotyp_RGB-kolor-01-300x100.png 300w, https:\/\/pvgroup.pl\/wp-content\/uploads\/2019\/10\/cropped-PVGroup-logotyp_RGB-kolor-01-768x256.png 768w, https:\/\/pvgroup.pl\/wp-content\/uploads\/2019\/10\/cropped-PVGroup-logotyp_RGB-kolor-01-1024x341.png 1024w, https:\/\/pvgroup.pl\/wp-content\/uploads\/2019\/10\/cropped-PVGroup-logotyp_RGB-kolor-01-20x7.png 20w, https:\/\/pvgroup.pl\/wp-content\/uploads\/2019\/10\/cropped-PVGroup-logotyp_RGB-kolor-01-600x200.png 600w\" sizes=\"auto, (max-width: 300px) 100vw, 300px\" \/><\/h4>\n<h3 style=\"text-align: center\"><strong>Pytania? Kontakt:<\/strong><\/h3>\n<h3 style=\"text-align: center\"><a href=\"mailto:info@pvgroup.pl\">info@pvgroup.pl\u00a0<\/a><\/h3>\n<h3 style=\"text-align: center\"><strong>telefon:<\/strong><\/h3>\n<h3 style=\"text-align: center\"><strong>+48 516758 217<\/strong><\/h3>\n<h3 style=\"text-align: center\"><strong>+48 737 185 830<\/strong><\/h3>\n<h3 style=\"text-align: center\"><strong>+48 532 268 607<\/strong><\/h3>\n","protected":false},"excerpt":{"rendered":"<p>Falownik GROWATT WIT 75KTL3-H-LV charakteryzuje si\u0119 przyst\u0119pn\u0105 cen\u0105 i wysok\u0105 jako\u015bci\u0105. Jest certyfikowany na rynek globalny i cz\u0119sto wykorzystywany w instalacjach komercyjnych. Falowniki Growatt WIT mo\u017cna kupi\u0107 z magazynami energii APX o pojemno\u015bci od 71 do 200 kWh.<\/p>\n","protected":false},"featured_media":29016,"template":"","meta":{"site-sidebar-layout":"default","site-content-layout":"","ast-site-content-layout":"default","site-content-style":"default","site-sidebar-style":"default","ast-global-header-display":"","ast-banner-title-visibility":"","ast-main-header-display":"","ast-hfb-above-header-display":"","ast-hfb-below-header-display":"","ast-hfb-mobile-header-display":"","site-post-title":"","ast-breadcrumbs-content":"","ast-featured-img":"","footer-sml-layout":"","ast-disable-related-posts":"","theme-transparent-header-meta":"default","adv-header-id-meta":"","stick-header-meta":"","header-above-stick-meta":"","header-main-stick-meta":"","header-below-stick-meta":"","astra-migrate-meta-layouts":"set","ast-page-background-enabled":"default","ast-page-background-meta":{"desktop":{"background-color":"","background-image":"","background-repeat":"repeat","background-position":"center center","background-size":"auto","background-attachment":"scroll","background-type":"","background-media":"","overlay-type":"","overlay-color":"","overlay-opacity":"","overlay-gradient":""},"tablet":{"background-color":"","background-image":"","background-repeat":"repeat","background-position":"center center","background-size":"auto","background-attachment":"scroll","background-type":"","background-media":"","overlay-type":"","overlay-color":"","overlay-opacity":"","overlay-gradient":""},"mobile":{"background-color":"","background-image":"","background-repeat":"repeat","background-position":"center center","background-size":"auto","background-attachment":"scroll","background-type":"","background-media":"","overlay-type":"","overlay-color":"","overlay-opacity":"","overlay-gradient":""}},"ast-content-background-meta":{"desktop":{"background-color":"var(--ast-global-color-5)","background-image":"","background-repeat":"repeat","background-position":"center center","background-size":"auto","background-attachment":"scroll","background-type":"","background-media":"","overlay-type":"","overlay-color":"","overlay-opacity":"","overlay-gradient":""},"tablet":{"background-color":"var(--ast-global-color-5)","background-image":"","background-repeat":"repeat","background-position":"center center","background-size":"auto","background-attachment":"scroll","background-type":"","background-media":"","overlay-type":"","overlay-color":"","overlay-opacity":"","overlay-gradient":""},"mobile":{"background-color":"var(--ast-global-color-5)","background-image":"","background-repeat":"repeat","background-position":"center center","background-size":"auto","background-attachment":"scroll","background-type":"","background-media":"","overlay-type":"","overlay-color":"","overlay-opacity":"","overlay-gradient":""}}},"product_brand":[],"product_cat":[168],"product_tag":[],"woo-feed-brand":[],"class_list":{"0":"post-29068","1":"product","2":"type-product","3":"status-publish","4":"has-post-thumbnail","6":"product_cat-inwertery-hybrydowe-growatt","7":"product_shipping_class-paleta-euro","8":"desktop-align-left","9":"tablet-align-left","10":"mobile-align-left","11":"ast-product-gallery-layout-horizontal-slider","12":"ast-product-tabs-layout-horizontal","14":"first","15":"outofstock","16":"taxable","17":"shipping-taxable","18":"purchasable","19":"product-type-simple"},"yoast_head":"<!-- This site is optimized with the Yoast SEO plugin v23.1 - https:\/\/yoast.com\/wordpress\/plugins\/seo\/ -->\n<title>Growatt WIT 75KTL3-H-LV - PVGroup.pl - Wszystko do fotowoltaiki<\/title>\n<meta name=\"description\" content=\"GROWATT WIT 75KTL3-H-LV niezawodny 3-fazowy falownik do zastosowa\u0144 komercyjnych. Gwarancja 5 lat. Funkcja rezerwowa z akumulatorami APX.\" \/>\n<meta name=\"robots\" content=\"index, follow, max-snippet:-1, max-image-preview:large, max-video-preview:-1\" \/>\n<link rel=\"canonical\" href=\"https:\/\/pvgroup.pl\/index.php\/produkt\/growatt-wit-75ktl3-h-lv\/\" \/>\n<meta property=\"og:locale\" content=\"pl_PL\" \/>\n<meta property=\"og:type\" content=\"article\" \/>\n<meta property=\"og:title\" content=\"Growatt WIT 75KTL3-H-LV - PVGroup.pl - Wszystko do fotowoltaiki\" \/>\n<meta property=\"og:description\" content=\"GROWATT WIT 75KTL3-H-LV niezawodny 3-fazowy falownik do zastosowa\u0144 komercyjnych. Gwarancja 5 lat. Funkcja rezerwowa z akumulatorami APX.\" \/>\n<meta property=\"og:url\" content=\"https:\/\/pvgroup.pl\/index.php\/produkt\/growatt-wit-75ktl3-h-lv\/\" \/>\n<meta property=\"og:site_name\" content=\"PVGroup.pl - Wszystko do fotowoltaiki\" \/>\n<meta property=\"article:publisher\" content=\"https:\/\/www.facebook.com\/pvgrouppl\/\" \/>\n<meta property=\"article:modified_time\" content=\"2026-04-10T09:18:22+00:00\" \/>\n<meta property=\"og:image\" content=\"https:\/\/pvgroup.pl\/wp-content\/uploads\/2023\/08\/Falownik-hybrydowy-Growatt.png\" \/>\n\t<meta property=\"og:image:width\" content=\"497\" \/>\n\t<meta property=\"og:image:height\" content=\"502\" \/>\n\t<meta property=\"og:image:type\" content=\"image\/png\" \/>\n<meta name=\"twitter:card\" content=\"summary_large_image\" \/>\n<meta name=\"twitter:label1\" content=\"Szacowany czas czytania\" \/>\n\t<meta name=\"twitter:data1\" content=\"3 minuty\" \/>\n<script type=\"application\/ld+json\" class=\"yoast-schema-graph\">{\"@context\":\"https:\/\/schema.org\",\"@graph\":[{\"@type\":\"WebPage\",\"@id\":\"https:\/\/pvgroup.pl\/index.php\/produkt\/growatt-wit-75ktl3-h-lv\/\",\"url\":\"https:\/\/pvgroup.pl\/index.php\/produkt\/growatt-wit-75ktl3-h-lv\/\",\"name\":\"Growatt WIT 75KTL3-H-LV - PVGroup.pl - Wszystko do fotowoltaiki\",\"isPartOf\":{\"@id\":\"https:\/\/pvgroup.pl\/#website\"},\"primaryImageOfPage\":{\"@id\":\"https:\/\/pvgroup.pl\/index.php\/produkt\/growatt-wit-75ktl3-h-lv\/#primaryimage\"},\"image\":{\"@id\":\"https:\/\/pvgroup.pl\/index.php\/produkt\/growatt-wit-75ktl3-h-lv\/#primaryimage\"},\"thumbnailUrl\":\"https:\/\/pvgroup.pl\/wp-content\/uploads\/2023\/08\/Falownik-hybrydowy-Growatt.png\",\"datePublished\":\"2023-08-30T09:21:36+00:00\",\"dateModified\":\"2026-04-10T09:18:22+00:00\",\"description\":\"GROWATT WIT 75KTL3-H-LV niezawodny 3-fazowy falownik do zastosowa\u0144 komercyjnych. Gwarancja 5 lat. Funkcja rezerwowa z akumulatorami APX.\",\"breadcrumb\":{\"@id\":\"https:\/\/pvgroup.pl\/index.php\/produkt\/growatt-wit-75ktl3-h-lv\/#breadcrumb\"},\"inLanguage\":\"pl-PL\",\"potentialAction\":[{\"@type\":\"ReadAction\",\"target\":[\"https:\/\/pvgroup.pl\/index.php\/produkt\/growatt-wit-75ktl3-h-lv\/\"]}]},{\"@type\":\"ImageObject\",\"inLanguage\":\"pl-PL\",\"@id\":\"https:\/\/pvgroup.pl\/index.php\/produkt\/growatt-wit-75ktl3-h-lv\/#primaryimage\",\"url\":\"https:\/\/pvgroup.pl\/wp-content\/uploads\/2023\/08\/Falownik-hybrydowy-Growatt.png\",\"contentUrl\":\"https:\/\/pvgroup.pl\/wp-content\/uploads\/2023\/08\/Falownik-hybrydowy-Growatt.png\",\"width\":497,\"height\":502,\"caption\":\"Falownik hybrydowy Growatt\"},{\"@type\":\"BreadcrumbList\",\"@id\":\"https:\/\/pvgroup.pl\/index.php\/produkt\/growatt-wit-75ktl3-h-lv\/#breadcrumb\",\"itemListElement\":[{\"@type\":\"ListItem\",\"position\":1,\"name\":\"Strona g\u0142\u00f3wna\",\"item\":\"https:\/\/pvgroup.pl\/\"},{\"@type\":\"ListItem\",\"position\":2,\"name\":\"Sklep\",\"item\":\"https:\/\/pvgroup.pl\/index.php\/sklep\/\"},{\"@type\":\"ListItem\",\"position\":3,\"name\":\"Growatt WIT 75KTL3-H-LV\"}]},{\"@type\":\"WebSite\",\"@id\":\"https:\/\/pvgroup.pl\/#website\",\"url\":\"https:\/\/pvgroup.pl\/\",\"name\":\"PVGroup.pl - Wszystko do fotowoltaiki\",\"description\":\"Zestawy fotowoltaiczne , Panele s\u0142oneczne,  Fotowoltaika. Zestawy fotowoltaiki,  sklep stacjonarny i OnLine\",\"publisher\":{\"@id\":\"https:\/\/pvgroup.pl\/#organization\"},\"potentialAction\":[{\"@type\":\"SearchAction\",\"target\":{\"@type\":\"EntryPoint\",\"urlTemplate\":\"https:\/\/pvgroup.pl\/?s={search_term_string}\"},\"query-input\":\"required name=search_term_string\"}],\"inLanguage\":\"pl-PL\"},{\"@type\":\"Organization\",\"@id\":\"https:\/\/pvgroup.pl\/#organization\",\"name\":\"PVGroup.pl\",\"url\":\"https:\/\/pvgroup.pl\/\",\"logo\":{\"@type\":\"ImageObject\",\"inLanguage\":\"pl-PL\",\"@id\":\"https:\/\/pvgroup.pl\/#\/schema\/logo\/image\/\",\"url\":\"https:\/\/pvgroup.pl\/wp-content\/uploads\/2019\/10\/PVGroup-logotyp_RGB-kolor-01.png\",\"contentUrl\":\"https:\/\/pvgroup.pl\/wp-content\/uploads\/2019\/10\/PVGroup-logotyp_RGB-kolor-01.png\",\"width\":2415,\"height\":1002,\"caption\":\"PVGroup.pl\"},\"image\":{\"@id\":\"https:\/\/pvgroup.pl\/#\/schema\/logo\/image\/\"},\"sameAs\":[\"https:\/\/www.facebook.com\/pvgrouppl\/\"]}]}<\/script>\n<!-- \/ Yoast SEO plugin. -->","yoast_head_json":{"title":"Growatt WIT 75KTL3-H-LV - PVGroup.pl - Wszystko do fotowoltaiki","description":"GROWATT WIT 75KTL3-H-LV niezawodny 3-fazowy falownik do zastosowa\u0144 komercyjnych. Gwarancja 5 lat. Funkcja rezerwowa z akumulatorami APX.","robots":{"index":"index","follow":"follow","max-snippet":"max-snippet:-1","max-image-preview":"max-image-preview:large","max-video-preview":"max-video-preview:-1"},"canonical":"https:\/\/pvgroup.pl\/index.php\/produkt\/growatt-wit-75ktl3-h-lv\/","og_locale":"pl_PL","og_type":"article","og_title":"Growatt WIT 75KTL3-H-LV - PVGroup.pl - Wszystko do fotowoltaiki","og_description":"GROWATT WIT 75KTL3-H-LV niezawodny 3-fazowy falownik do zastosowa\u0144 komercyjnych. Gwarancja 5 lat. Funkcja rezerwowa z akumulatorami APX.","og_url":"https:\/\/pvgroup.pl\/index.php\/produkt\/growatt-wit-75ktl3-h-lv\/","og_site_name":"PVGroup.pl - Wszystko do fotowoltaiki","article_publisher":"https:\/\/www.facebook.com\/pvgrouppl\/","article_modified_time":"2026-04-10T09:18:22+00:00","og_image":[{"width":497,"height":502,"url":"https:\/\/pvgroup.pl\/wp-content\/uploads\/2023\/08\/Falownik-hybrydowy-Growatt.png","type":"image\/png"}],"twitter_card":"summary_large_image","twitter_misc":{"Szacowany czas czytania":"3 minuty"},"schema":{"@context":"https:\/\/schema.org","@graph":[{"@type":"WebPage","@id":"https:\/\/pvgroup.pl\/index.php\/produkt\/growatt-wit-75ktl3-h-lv\/","url":"https:\/\/pvgroup.pl\/index.php\/produkt\/growatt-wit-75ktl3-h-lv\/","name":"Growatt WIT 75KTL3-H-LV - PVGroup.pl - Wszystko do fotowoltaiki","isPartOf":{"@id":"https:\/\/pvgroup.pl\/#website"},"primaryImageOfPage":{"@id":"https:\/\/pvgroup.pl\/index.php\/produkt\/growatt-wit-75ktl3-h-lv\/#primaryimage"},"image":{"@id":"https:\/\/pvgroup.pl\/index.php\/produkt\/growatt-wit-75ktl3-h-lv\/#primaryimage"},"thumbnailUrl":"https:\/\/pvgroup.pl\/wp-content\/uploads\/2023\/08\/Falownik-hybrydowy-Growatt.png","datePublished":"2023-08-30T09:21:36+00:00","dateModified":"2026-04-10T09:18:22+00:00","description":"GROWATT WIT 75KTL3-H-LV niezawodny 3-fazowy falownik do zastosowa\u0144 komercyjnych. Gwarancja 5 lat. Funkcja rezerwowa z akumulatorami APX.","breadcrumb":{"@id":"https:\/\/pvgroup.pl\/index.php\/produkt\/growatt-wit-75ktl3-h-lv\/#breadcrumb"},"inLanguage":"pl-PL","potentialAction":[{"@type":"ReadAction","target":["https:\/\/pvgroup.pl\/index.php\/produkt\/growatt-wit-75ktl3-h-lv\/"]}]},{"@type":"ImageObject","inLanguage":"pl-PL","@id":"https:\/\/pvgroup.pl\/index.php\/produkt\/growatt-wit-75ktl3-h-lv\/#primaryimage","url":"https:\/\/pvgroup.pl\/wp-content\/uploads\/2023\/08\/Falownik-hybrydowy-Growatt.png","contentUrl":"https:\/\/pvgroup.pl\/wp-content\/uploads\/2023\/08\/Falownik-hybrydowy-Growatt.png","width":497,"height":502,"caption":"Falownik hybrydowy Growatt"},{"@type":"BreadcrumbList","@id":"https:\/\/pvgroup.pl\/index.php\/produkt\/growatt-wit-75ktl3-h-lv\/#breadcrumb","itemListElement":[{"@type":"ListItem","position":1,"name":"Strona g\u0142\u00f3wna","item":"https:\/\/pvgroup.pl\/"},{"@type":"ListItem","position":2,"name":"Sklep","item":"https:\/\/pvgroup.pl\/index.php\/sklep\/"},{"@type":"ListItem","position":3,"name":"Growatt WIT 75KTL3-H-LV"}]},{"@type":"WebSite","@id":"https:\/\/pvgroup.pl\/#website","url":"https:\/\/pvgroup.pl\/","name":"PVGroup.pl - Wszystko do fotowoltaiki","description":"Zestawy fotowoltaiczne , Panele s\u0142oneczne,  Fotowoltaika. Zestawy fotowoltaiki,  sklep stacjonarny i OnLine","publisher":{"@id":"https:\/\/pvgroup.pl\/#organization"},"potentialAction":[{"@type":"SearchAction","target":{"@type":"EntryPoint","urlTemplate":"https:\/\/pvgroup.pl\/?s={search_term_string}"},"query-input":"required name=search_term_string"}],"inLanguage":"pl-PL"},{"@type":"Organization","@id":"https:\/\/pvgroup.pl\/#organization","name":"PVGroup.pl","url":"https:\/\/pvgroup.pl\/","logo":{"@type":"ImageObject","inLanguage":"pl-PL","@id":"https:\/\/pvgroup.pl\/#\/schema\/logo\/image\/","url":"https:\/\/pvgroup.pl\/wp-content\/uploads\/2019\/10\/PVGroup-logotyp_RGB-kolor-01.png","contentUrl":"https:\/\/pvgroup.pl\/wp-content\/uploads\/2019\/10\/PVGroup-logotyp_RGB-kolor-01.png","width":2415,"height":1002,"caption":"PVGroup.pl"},"image":{"@id":"https:\/\/pvgroup.pl\/#\/schema\/logo\/image\/"},"sameAs":["https:\/\/www.facebook.com\/pvgrouppl\/"]}]}},"_links":{"self":[{"href":"https:\/\/pvgroup.pl\/index.php\/wp-json\/wp\/v2\/product\/29068","targetHints":{"allow":["GET"]}}],"collection":[{"href":"https:\/\/pvgroup.pl\/index.php\/wp-json\/wp\/v2\/product"}],"about":[{"href":"https:\/\/pvgroup.pl\/index.php\/wp-json\/wp\/v2\/types\/product"}],"wp:featuredmedia":[{"embeddable":true,"href":"https:\/\/pvgroup.pl\/index.php\/wp-json\/wp\/v2\/media\/29016"}],"wp:attachment":[{"href":"https:\/\/pvgroup.pl\/index.php\/wp-json\/wp\/v2\/media?parent=29068"}],"wp:term":[{"taxonomy":"product_brand","embeddable":true,"href":"https:\/\/pvgroup.pl\/index.php\/wp-json\/wp\/v2\/product_brand?post=29068"},{"taxonomy":"product_cat","embeddable":true,"href":"https:\/\/pvgroup.pl\/index.php\/wp-json\/wp\/v2\/product_cat?post=29068"},{"taxonomy":"product_tag","embeddable":true,"href":"https:\/\/pvgroup.pl\/index.php\/wp-json\/wp\/v2\/product_tag?post=29068"},{"taxonomy":"woo-feed-brand","embeddable":true,"href":"https:\/\/pvgroup.pl\/index.php\/wp-json\/wp\/v2\/woo-feed-brand?post=29068"}],"curies":[{"name":"wp","href":"https:\/\/api.w.org\/{rel}","templated":true}]}}