{"id":29075,"date":"2023-08-30T11:22:03","date_gmt":"2023-08-30T09:22:03","guid":{"rendered":"https:\/\/pvgroup.pl\/index.php\/produkt\/thor-07as-p-wifirfid1-card5m-cable\/"},"modified":"2026-04-02T14:48:02","modified_gmt":"2026-04-02T12:48:02","slug":"thor-07as-p-wifirfid1-card5m-cable","status":"publish","type":"product","link":"https:\/\/pvgroup.pl\/index.php\/produkt\/thor-07as-p-wifirfid1-card5m-cable\/","title":{"rendered":"THOR 07AS-P (WIFI,RFID*1 Card,5m Cable)"},"content":{"rendered":"<h1 style=\"text-align: center\">THOR 07AS-P (WIFI,RFID*1 Card,5m Cable)<\/h1>\n<p>&nbsp;<\/p>\n<p>&nbsp;<\/p>\n<p><img loading=\"lazy\" decoding=\"async\" class=\"aligncenter wp-image-19416 \" src=\"https:\/\/pvgroup.pl\/wp-content\/uploads\/2022\/10\/Growatt-logo-PNG-1024x249.png\" alt=\"Growatt-logo\" width=\"872\" height=\"212\" srcset=\"https:\/\/pvgroup.pl\/wp-content\/uploads\/2022\/10\/Growatt-logo-PNG-1024x249.png 1024w, https:\/\/pvgroup.pl\/wp-content\/uploads\/2022\/10\/Growatt-logo-PNG-300x73.png 300w, https:\/\/pvgroup.pl\/wp-content\/uploads\/2022\/10\/Growatt-logo-PNG-768x187.png 768w, https:\/\/pvgroup.pl\/wp-content\/uploads\/2022\/10\/Growatt-logo-PNG-1536x374.png 1536w, https:\/\/pvgroup.pl\/wp-content\/uploads\/2022\/10\/Growatt-logo-PNG-600x146.png 600w, https:\/\/pvgroup.pl\/wp-content\/uploads\/2022\/10\/Growatt-logo-PNG.png 2009w\" sizes=\"auto, (max-width: 872px) 100vw, 872px\" \/><\/p>\n<p>&nbsp;<\/p>\n<p>&nbsp;<\/p>\n<h2 style=\"text-align: center\">Je\u015bli jeste\u015b zainteresowany zakupem wybranego falownika w ilo\u015bciach hurtowych, skontaktuj si\u0119 z naszym zespo\u0142em na <a href=\"mailto:info@pvgroup.pl\">info@pvgroup.pl<\/a><\/h2>\n<p>&nbsp;<\/p>\n<h3 style=\"text-align: center\">\u0141adowarka samochodowa THOR 07AS-P (WIFI,RFID*1 Card,5m Cable)<\/h3>\n<p>&nbsp;<\/p>\n<p><img loading=\"lazy\" decoding=\"async\" class=\"aligncenter size-full wp-image-29175\" src=\"https:\/\/pvgroup.pl\/wp-content\/uploads\/2023\/08\/Ladowarka-Thor-Growatt-min.png\" alt=\"\u0141adowarka Thor Growatt\" width=\"519\" height=\"481\" srcset=\"https:\/\/pvgroup.pl\/wp-content\/uploads\/2023\/08\/Ladowarka-Thor-Growatt-min.png 519w, https:\/\/pvgroup.pl\/wp-content\/uploads\/2023\/08\/Ladowarka-Thor-Growatt-min-300x278.png 300w\" sizes=\"auto, (max-width: 519px) 100vw, 519px\" \/><\/p>\n<p>&nbsp;<\/p>\n<p><strong>Growatt THOR 07AS-P<\/strong> mo\u017ce by\u0107 u\u017cywany w r\u00f3\u017cnych scenariuszach, w tym w budynkach mieszkalnych i komercyjnych. Zakres mocy \u0142adowarki wynosi 3-22 kW AC i 20\/40 kW DC. Dzi\u0119ki wyr\u00f3\u017cnionemu systemowi GroHome i trybowi \u0142adowania PV, kt\u00f3ry jest nap\u0119dzany energi\u0105 s\u0142oneczn\u0105, samoch\u00f3d b\u0119dzie \u0142adowany w 100% energi\u0105 odnawialn\u0105, a pojazd elektryczny b\u0119dzie dynamicznie \u0142adowany nadwy\u017ck\u0105 energii s\u0142onecznej, \u0142\u0105cz\u0105c PV i \u0142adowark\u0119 EV, aby zmaksymalizowa\u0107 wsp\u00f3\u0142czynnik zu\u017cycia energii s\u0142onecznej i obni\u017cy\u0107 rachunki.<\/p>\n<p>Przedstawiamy Growatt THOR 07AS-P &#8211; najlepsze rozwi\u0105zanie dla wszystkich potrzeb zwi\u0105zanych z \u0142adowaniem pojazd\u00f3w elektrycznych. Niezale\u017cnie od tego, czy chcesz \u0142adowa\u0107 sw\u00f3j pojazd elektryczny w domu, czy w obiekcie komercyjnym, ta wszechstronna \u0142adowarka zosta\u0142a zaprojektowana tak, aby spe\u0142ni\u0107 Twoje wymagania.<\/p>\n<p>Jednak to, co wyr\u00f3\u017cnia \u0142adowark\u0119 Growatt THOR EV, to jej innowacyjne funkcje, kt\u00f3re sprawiaj\u0105, \u017ce jest ona prawdziwym prze\u0142omem w bran\u017cy. Dzi\u0119ki zaawansowanemu systemowi GroHome i trybowi \u0142adowania PV mo\u017cna teraz \u0142adowa\u0107 samoch\u00f3d w 100% energi\u0105 odnawialn\u0105. Wykorzystuj\u0105c moc s\u0142o\u0144ca, \u0142adowarka ta umo\u017cliwia dynamiczne \u0142adowanie pojazdu elektrycznego przy u\u017cyciu nadwy\u017cek energii s\u0142onecznej.<\/p>\n<p>&nbsp;<\/p>\n<p>&nbsp;<\/p>\n<p><img loading=\"lazy\" decoding=\"async\" class=\"aligncenter size-full wp-image-29177\" src=\"https:\/\/pvgroup.pl\/wp-content\/uploads\/2023\/08\/chuttersnap-xJLsHl0hIik-unsplash-1-min.jpeg\" alt=\"\u0141adowarka Thor Growatt\" width=\"640\" height=\"426\" srcset=\"https:\/\/pvgroup.pl\/wp-content\/uploads\/2023\/08\/chuttersnap-xJLsHl0hIik-unsplash-1-min.jpeg 640w, https:\/\/pvgroup.pl\/wp-content\/uploads\/2023\/08\/chuttersnap-xJLsHl0hIik-unsplash-1-min-300x200.jpeg 300w, https:\/\/pvgroup.pl\/wp-content\/uploads\/2023\/08\/chuttersnap-xJLsHl0hIik-unsplash-1-min-600x399.jpeg 600w\" sizes=\"auto, (max-width: 640px) 100vw, 640px\" \/><\/p>\n<p>&nbsp;<\/p>\n<p>Wyobra\u017a sobie satysfakcj\u0119 z jazdy w pe\u0142ni na\u0142adowanym pojazdem elektrycznym zasilanym czyst\u0105, odnawialn\u0105 energi\u0105. Dzi\u0119ki \u0142adowarce Growatt THOR EV Charger mo\u017cna po\u0142\u0105czy\u0107 zalety paneli fotowoltaicznych (PV) i \u0142adowarki do pojazd\u00f3w elektrycznych, maksymalizuj\u0105c wsp\u00f3\u0142czynnik zu\u017cycia energii s\u0142onecznej i znacznie obni\u017caj\u0105c rachunki za energi\u0119.<\/p>\n<p>Nasz sklep internetowy oferuje pe\u0142n\u0105 gam\u0119 Growatt THOR 07AS-P, umo\u017cliwiaj\u0105c wyb\u00f3r idealnego modelu, kt\u00f3ry odpowiada Twoim wymaganiom. Niezale\u017cnie od tego, czy potrzebujesz \u0142adowarki do swojej nieruchomo\u015bci mieszkalnej, czy \u0142adowarki o du\u017cej pojemno\u015bci do swojego obiektu komercyjnego, mamy dla Ciebie wszystko.<\/p>\n<p>Przejrzyj nasz\u0105 ofert\u0119 \u0142adowarek Growatt THOR EV i poznaj przysz\u0142o\u015b\u0107 \u0142adowania pojazd\u00f3w elektrycznych. Zr\u00f3b krok w kierunku zr\u00f3wnowa\u017conego rozwoju, zmniejsz sw\u00f3j \u015blad w\u0119glowy i ciesz si\u0119 wygod\u0105 \u0142adowania pojazdu elektrycznego w 100% energi\u0105 odnawialn\u0105. Z\u0142\u00f3\u017c zam\u00f3wienie ju\u017c dzi\u015b i do\u0142\u0105cz do zielonej rewolucji dzi\u0119ki \u0142adowarce Growatt THOR EV Charger.<\/p>\n<p>&nbsp;<\/p>\n<div class=\"first-section-boxes general-info\">\n<h2>INFORMACJE OG\u00d3LNE<\/h2>\n<ul>\n<li>Kompatybilny ze wszystkimi markowymi EV<\/li>\n<li>Integracja z istniej\u0105cym i nowo zainstalowanym systemem PV<\/li>\n<li>Inteligentna kontrola APP i inteligentne planowanie<\/li>\n<li>Konstrukcja IP65 do u\u017cytku wewn\u0105trz i na zewn\u0105trz<\/li>\n<li>\u0141adowanie pojazd\u00f3w elektrycznych w 100% energi\u0105 odnawialn\u0105 z nadwy\u017cek energii s\u0142onecznej<\/li>\n<\/ul>\n<hr \/>\n<h2 class=\"first-section-boxes general-info\" style=\"text-align: center\">Za bezpiecze\u0144stwo przesy\u0142ek odpowiada:<\/h2>\n<p>&nbsp;<\/p>\n<p><img loading=\"lazy\" decoding=\"async\" class=\"aligncenter size-full wp-image-29180\" src=\"https:\/\/pvgroup.pl\/wp-content\/uploads\/2023\/08\/DPD-LOGO-300x133-1.png\" alt=\"DPD-LOGO-300x133\" width=\"300\" height=\"133\" \/><\/p>\n<p>&nbsp;<\/p>\n<p>Akcesoria dowo\u017c\u0105 do Ciebie ubezpieczonym transportem. Przesy\u0142ki pakujemy z du\u017c\u0105 staranno\u015bci\u0105, tak aby akcesoria dotar\u0142y do miejsca przeznaczenia w nienaruszonym stanie.<\/p>\n<h3><\/h3>\n<hr \/>\n<p>&nbsp;<\/p>\n<h4><img loading=\"lazy\" decoding=\"async\" class=\"aligncenter wp-image-1570 size-medium\" src=\"https:\/\/pvgroup.pl\/wp-content\/uploads\/2019\/10\/cropped-PVGroup-logotyp_RGB-kolor-01-300x100.png\" alt=\"\" width=\"300\" height=\"100\" srcset=\"https:\/\/pvgroup.pl\/wp-content\/uploads\/2019\/10\/cropped-PVGroup-logotyp_RGB-kolor-01-300x100.png 300w, https:\/\/pvgroup.pl\/wp-content\/uploads\/2019\/10\/cropped-PVGroup-logotyp_RGB-kolor-01-768x256.png 768w, https:\/\/pvgroup.pl\/wp-content\/uploads\/2019\/10\/cropped-PVGroup-logotyp_RGB-kolor-01-1024x341.png 1024w, https:\/\/pvgroup.pl\/wp-content\/uploads\/2019\/10\/cropped-PVGroup-logotyp_RGB-kolor-01-20x7.png 20w, https:\/\/pvgroup.pl\/wp-content\/uploads\/2019\/10\/cropped-PVGroup-logotyp_RGB-kolor-01-600x200.png 600w\" sizes=\"auto, (max-width: 300px) 100vw, 300px\" \/><\/h4>\n<h3 style=\"text-align: center\"><strong>Pytania? Kontakt:<\/strong><\/h3>\n<h3 style=\"text-align: center\"><a href=\"mailto:info@pvgroup.pl\">info@pvgroup.pl\u00a0<\/a><\/h3>\n<h3 style=\"text-align: center\"><strong>telefon:<\/strong><\/h3>\n<h3 style=\"text-align: center\"><strong>+48 516758 217<\/strong><\/h3>\n<h3 style=\"text-align: center\"><strong>+48 737 185 830<\/strong><\/h3>\n<h3 style=\"text-align: center\"><strong>+48 532 268 607<\/strong><\/h3>\n<\/div>\n","protected":false},"excerpt":{"rendered":"<p>Przedstawiamy Growatt THOR 07AS-P &#8211; najlepsze rozwi\u0105zanie dla wszystkich potrzeb zwi\u0105zanych z \u0142adowaniem pojazd\u00f3w elektrycznych. Niezale\u017cnie od tego, czy chcesz \u0142adowa\u0107 sw\u00f3j pojazd elektryczny w domu, czy w obiekcie komercyjnym, ta wszechstronna \u0142adowarka zosta\u0142a zaprojektowana tak, aby spe\u0142ni\u0107 Twoje wymagania.<\/p>\n<p>&nbsp;<\/p>\n","protected":false},"featured_media":29175,"template":"","meta":{"site-sidebar-layout":"default","site-content-layout":"default","ast-site-content-layout":"default","site-content-style":"default","site-sidebar-style":"default","ast-global-header-display":"","ast-banner-title-visibility":"","ast-main-header-display":"","ast-hfb-above-header-display":"","ast-hfb-below-header-display":"","ast-hfb-mobile-header-display":"","site-post-title":"","ast-breadcrumbs-content":"","ast-featured-img":"","footer-sml-layout":"","ast-disable-related-posts":"","theme-transparent-header-meta":"default","adv-header-id-meta":"","stick-header-meta":"","header-above-stick-meta":"","header-main-stick-meta":"","header-below-stick-meta":"","astra-migrate-meta-layouts":"default","ast-page-background-enabled":"default","ast-page-background-meta":{"desktop":{"background-color":"","background-image":"","background-repeat":"repeat","background-position":"center center","background-size":"auto","background-attachment":"scroll","background-type":"","background-media":"","overlay-type":"","overlay-color":"","overlay-opacity":"","overlay-gradient":""},"tablet":{"background-color":"","background-image":"","background-repeat":"repeat","background-position":"center center","background-size":"auto","background-attachment":"scroll","background-type":"","background-media":"","overlay-type":"","overlay-color":"","overlay-opacity":"","overlay-gradient":""},"mobile":{"background-color":"","background-image":"","background-repeat":"repeat","background-position":"center center","background-size":"auto","background-attachment":"scroll","background-type":"","background-media":"","overlay-type":"","overlay-color":"","overlay-opacity":"","overlay-gradient":""}},"ast-content-background-meta":{"desktop":{"background-color":"var(--ast-global-color-5)","background-image":"","background-repeat":"repeat","background-position":"center center","background-size":"auto","background-attachment":"scroll","background-type":"","background-media":"","overlay-type":"","overlay-color":"","overlay-opacity":"","overlay-gradient":""},"tablet":{"background-color":"var(--ast-global-color-5)","background-image":"","background-repeat":"repeat","background-position":"center center","background-size":"auto","background-attachment":"scroll","background-type":"","background-media":"","overlay-type":"","overlay-color":"","overlay-opacity":"","overlay-gradient":""},"mobile":{"background-color":"var(--ast-global-color-5)","background-image":"","background-repeat":"repeat","background-position":"center center","background-size":"auto","background-attachment":"scroll","background-type":"","background-media":"","overlay-type":"","overlay-color":"","overlay-opacity":"","overlay-gradient":""}}},"product_brand":[],"product_cat":[256],"product_tag":[],"woo-feed-brand":[],"class_list":{"0":"post-29075","1":"product","2":"type-product","3":"status-publish","4":"has-post-thumbnail","6":"product_cat-ladowarki-samochodowe-ev","7":"product_shipping_class-paczka-do-30kg","8":"desktop-align-left","9":"tablet-align-left","10":"mobile-align-left","11":"ast-product-gallery-layout-horizontal-slider","12":"ast-product-tabs-layout-horizontal","14":"first","15":"outofstock","16":"taxable","17":"shipping-taxable","18":"purchasable","19":"product-type-simple"},"yoast_head":"<!-- This site is optimized with the Yoast SEO plugin v23.1 - https:\/\/yoast.com\/wordpress\/plugins\/seo\/ -->\n<title>THOR 07AS-P (WIFI,RFID*1 Card,5m Cable) - PVGroup.pl - Wszystko do fotowoltaiki<\/title>\n<meta name=\"description\" content=\"Growatt THOR 07AS-P mo\u017ce by\u0107 u\u017cywany w r\u00f3\u017cnych scenariuszach, w tym w budynkach mieszkalnych i komercyjnych. Zakres mocy \u0142adowarki wynosi 3-22 kW AC\" \/>\n<meta name=\"robots\" content=\"index, follow, max-snippet:-1, max-image-preview:large, max-video-preview:-1\" \/>\n<link rel=\"canonical\" href=\"https:\/\/pvgroup.pl\/index.php\/produkt\/thor-07as-p-wifirfid1-card5m-cable\/\" \/>\n<meta property=\"og:locale\" content=\"pl_PL\" \/>\n<meta property=\"og:type\" content=\"article\" \/>\n<meta property=\"og:title\" content=\"THOR 07AS-P (WIFI,RFID*1 Card,5m Cable) - PVGroup.pl - Wszystko do fotowoltaiki\" \/>\n<meta property=\"og:description\" content=\"Growatt THOR 07AS-P mo\u017ce by\u0107 u\u017cywany w r\u00f3\u017cnych scenariuszach, w tym w budynkach mieszkalnych i komercyjnych. Zakres mocy \u0142adowarki wynosi 3-22 kW AC\" \/>\n<meta property=\"og:url\" content=\"https:\/\/pvgroup.pl\/index.php\/produkt\/thor-07as-p-wifirfid1-card5m-cable\/\" \/>\n<meta property=\"og:site_name\" content=\"PVGroup.pl - Wszystko do fotowoltaiki\" \/>\n<meta property=\"article:publisher\" content=\"https:\/\/www.facebook.com\/pvgrouppl\/\" \/>\n<meta property=\"article:modified_time\" content=\"2026-04-02T12:48:02+00:00\" \/>\n<meta property=\"og:image\" content=\"https:\/\/pvgroup.pl\/wp-content\/uploads\/2023\/08\/Ladowarka-Thor-Growatt-min.png\" \/>\n\t<meta property=\"og:image:width\" content=\"519\" \/>\n\t<meta property=\"og:image:height\" content=\"481\" \/>\n\t<meta property=\"og:image:type\" content=\"image\/png\" \/>\n<meta name=\"twitter:card\" content=\"summary_large_image\" \/>\n<meta name=\"twitter:label1\" content=\"Szacowany czas czytania\" \/>\n\t<meta name=\"twitter:data1\" content=\"4 minuty\" \/>\n<script type=\"application\/ld+json\" class=\"yoast-schema-graph\">{\"@context\":\"https:\/\/schema.org\",\"@graph\":[{\"@type\":\"WebPage\",\"@id\":\"https:\/\/pvgroup.pl\/index.php\/produkt\/thor-07as-p-wifirfid1-card5m-cable\/\",\"url\":\"https:\/\/pvgroup.pl\/index.php\/produkt\/thor-07as-p-wifirfid1-card5m-cable\/\",\"name\":\"THOR 07AS-P (WIFI,RFID*1 Card,5m Cable) - PVGroup.pl - Wszystko do fotowoltaiki\",\"isPartOf\":{\"@id\":\"https:\/\/pvgroup.pl\/#website\"},\"primaryImageOfPage\":{\"@id\":\"https:\/\/pvgroup.pl\/index.php\/produkt\/thor-07as-p-wifirfid1-card5m-cable\/#primaryimage\"},\"image\":{\"@id\":\"https:\/\/pvgroup.pl\/index.php\/produkt\/thor-07as-p-wifirfid1-card5m-cable\/#primaryimage\"},\"thumbnailUrl\":\"https:\/\/pvgroup.pl\/wp-content\/uploads\/2023\/08\/Ladowarka-Thor-Growatt-min.png\",\"datePublished\":\"2023-08-30T09:22:03+00:00\",\"dateModified\":\"2026-04-02T12:48:02+00:00\",\"description\":\"Growatt THOR 07AS-P mo\u017ce by\u0107 u\u017cywany w r\u00f3\u017cnych scenariuszach, w tym w budynkach mieszkalnych i komercyjnych. Zakres mocy \u0142adowarki wynosi 3-22 kW AC\",\"breadcrumb\":{\"@id\":\"https:\/\/pvgroup.pl\/index.php\/produkt\/thor-07as-p-wifirfid1-card5m-cable\/#breadcrumb\"},\"inLanguage\":\"pl-PL\",\"potentialAction\":[{\"@type\":\"ReadAction\",\"target\":[\"https:\/\/pvgroup.pl\/index.php\/produkt\/thor-07as-p-wifirfid1-card5m-cable\/\"]}]},{\"@type\":\"ImageObject\",\"inLanguage\":\"pl-PL\",\"@id\":\"https:\/\/pvgroup.pl\/index.php\/produkt\/thor-07as-p-wifirfid1-card5m-cable\/#primaryimage\",\"url\":\"https:\/\/pvgroup.pl\/wp-content\/uploads\/2023\/08\/Ladowarka-Thor-Growatt-min.png\",\"contentUrl\":\"https:\/\/pvgroup.pl\/wp-content\/uploads\/2023\/08\/Ladowarka-Thor-Growatt-min.png\",\"width\":519,\"height\":481,\"caption\":\"\u0141adowarka Thor Growatt\"},{\"@type\":\"BreadcrumbList\",\"@id\":\"https:\/\/pvgroup.pl\/index.php\/produkt\/thor-07as-p-wifirfid1-card5m-cable\/#breadcrumb\",\"itemListElement\":[{\"@type\":\"ListItem\",\"position\":1,\"name\":\"Strona g\u0142\u00f3wna\",\"item\":\"https:\/\/pvgroup.pl\/\"},{\"@type\":\"ListItem\",\"position\":2,\"name\":\"Sklep\",\"item\":\"https:\/\/pvgroup.pl\/index.php\/sklep\/\"},{\"@type\":\"ListItem\",\"position\":3,\"name\":\"THOR 07AS-P (WIFI,RFID*1 Card,5m Cable)\"}]},{\"@type\":\"WebSite\",\"@id\":\"https:\/\/pvgroup.pl\/#website\",\"url\":\"https:\/\/pvgroup.pl\/\",\"name\":\"PVGroup.pl - Wszystko do fotowoltaiki\",\"description\":\"Zestawy fotowoltaiczne , Panele s\u0142oneczne,  Fotowoltaika. Zestawy fotowoltaiki,  sklep stacjonarny i OnLine\",\"publisher\":{\"@id\":\"https:\/\/pvgroup.pl\/#organization\"},\"potentialAction\":[{\"@type\":\"SearchAction\",\"target\":{\"@type\":\"EntryPoint\",\"urlTemplate\":\"https:\/\/pvgroup.pl\/?s={search_term_string}\"},\"query-input\":\"required name=search_term_string\"}],\"inLanguage\":\"pl-PL\"},{\"@type\":\"Organization\",\"@id\":\"https:\/\/pvgroup.pl\/#organization\",\"name\":\"PVGroup.pl\",\"url\":\"https:\/\/pvgroup.pl\/\",\"logo\":{\"@type\":\"ImageObject\",\"inLanguage\":\"pl-PL\",\"@id\":\"https:\/\/pvgroup.pl\/#\/schema\/logo\/image\/\",\"url\":\"https:\/\/pvgroup.pl\/wp-content\/uploads\/2019\/10\/PVGroup-logotyp_RGB-kolor-01.png\",\"contentUrl\":\"https:\/\/pvgroup.pl\/wp-content\/uploads\/2019\/10\/PVGroup-logotyp_RGB-kolor-01.png\",\"width\":2415,\"height\":1002,\"caption\":\"PVGroup.pl\"},\"image\":{\"@id\":\"https:\/\/pvgroup.pl\/#\/schema\/logo\/image\/\"},\"sameAs\":[\"https:\/\/www.facebook.com\/pvgrouppl\/\"]}]}<\/script>\n<!-- \/ Yoast SEO plugin. -->","yoast_head_json":{"title":"THOR 07AS-P (WIFI,RFID*1 Card,5m Cable) - PVGroup.pl - Wszystko do fotowoltaiki","description":"Growatt THOR 07AS-P mo\u017ce by\u0107 u\u017cywany w r\u00f3\u017cnych scenariuszach, w tym w budynkach mieszkalnych i komercyjnych. Zakres mocy \u0142adowarki wynosi 3-22 kW AC","robots":{"index":"index","follow":"follow","max-snippet":"max-snippet:-1","max-image-preview":"max-image-preview:large","max-video-preview":"max-video-preview:-1"},"canonical":"https:\/\/pvgroup.pl\/index.php\/produkt\/thor-07as-p-wifirfid1-card5m-cable\/","og_locale":"pl_PL","og_type":"article","og_title":"THOR 07AS-P (WIFI,RFID*1 Card,5m Cable) - PVGroup.pl - Wszystko do fotowoltaiki","og_description":"Growatt THOR 07AS-P mo\u017ce by\u0107 u\u017cywany w r\u00f3\u017cnych scenariuszach, w tym w budynkach mieszkalnych i komercyjnych. Zakres mocy \u0142adowarki wynosi 3-22 kW AC","og_url":"https:\/\/pvgroup.pl\/index.php\/produkt\/thor-07as-p-wifirfid1-card5m-cable\/","og_site_name":"PVGroup.pl - Wszystko do fotowoltaiki","article_publisher":"https:\/\/www.facebook.com\/pvgrouppl\/","article_modified_time":"2026-04-02T12:48:02+00:00","og_image":[{"width":519,"height":481,"url":"https:\/\/pvgroup.pl\/wp-content\/uploads\/2023\/08\/Ladowarka-Thor-Growatt-min.png","type":"image\/png"}],"twitter_card":"summary_large_image","twitter_misc":{"Szacowany czas czytania":"4 minuty"},"schema":{"@context":"https:\/\/schema.org","@graph":[{"@type":"WebPage","@id":"https:\/\/pvgroup.pl\/index.php\/produkt\/thor-07as-p-wifirfid1-card5m-cable\/","url":"https:\/\/pvgroup.pl\/index.php\/produkt\/thor-07as-p-wifirfid1-card5m-cable\/","name":"THOR 07AS-P (WIFI,RFID*1 Card,5m Cable) - PVGroup.pl - Wszystko do fotowoltaiki","isPartOf":{"@id":"https:\/\/pvgroup.pl\/#website"},"primaryImageOfPage":{"@id":"https:\/\/pvgroup.pl\/index.php\/produkt\/thor-07as-p-wifirfid1-card5m-cable\/#primaryimage"},"image":{"@id":"https:\/\/pvgroup.pl\/index.php\/produkt\/thor-07as-p-wifirfid1-card5m-cable\/#primaryimage"},"thumbnailUrl":"https:\/\/pvgroup.pl\/wp-content\/uploads\/2023\/08\/Ladowarka-Thor-Growatt-min.png","datePublished":"2023-08-30T09:22:03+00:00","dateModified":"2026-04-02T12:48:02+00:00","description":"Growatt THOR 07AS-P mo\u017ce by\u0107 u\u017cywany w r\u00f3\u017cnych scenariuszach, w tym w budynkach mieszkalnych i komercyjnych. Zakres mocy \u0142adowarki wynosi 3-22 kW AC","breadcrumb":{"@id":"https:\/\/pvgroup.pl\/index.php\/produkt\/thor-07as-p-wifirfid1-card5m-cable\/#breadcrumb"},"inLanguage":"pl-PL","potentialAction":[{"@type":"ReadAction","target":["https:\/\/pvgroup.pl\/index.php\/produkt\/thor-07as-p-wifirfid1-card5m-cable\/"]}]},{"@type":"ImageObject","inLanguage":"pl-PL","@id":"https:\/\/pvgroup.pl\/index.php\/produkt\/thor-07as-p-wifirfid1-card5m-cable\/#primaryimage","url":"https:\/\/pvgroup.pl\/wp-content\/uploads\/2023\/08\/Ladowarka-Thor-Growatt-min.png","contentUrl":"https:\/\/pvgroup.pl\/wp-content\/uploads\/2023\/08\/Ladowarka-Thor-Growatt-min.png","width":519,"height":481,"caption":"\u0141adowarka Thor Growatt"},{"@type":"BreadcrumbList","@id":"https:\/\/pvgroup.pl\/index.php\/produkt\/thor-07as-p-wifirfid1-card5m-cable\/#breadcrumb","itemListElement":[{"@type":"ListItem","position":1,"name":"Strona g\u0142\u00f3wna","item":"https:\/\/pvgroup.pl\/"},{"@type":"ListItem","position":2,"name":"Sklep","item":"https:\/\/pvgroup.pl\/index.php\/sklep\/"},{"@type":"ListItem","position":3,"name":"THOR 07AS-P (WIFI,RFID*1 Card,5m Cable)"}]},{"@type":"WebSite","@id":"https:\/\/pvgroup.pl\/#website","url":"https:\/\/pvgroup.pl\/","name":"PVGroup.pl - Wszystko do fotowoltaiki","description":"Zestawy fotowoltaiczne , Panele s\u0142oneczne,  Fotowoltaika. Zestawy fotowoltaiki,  sklep stacjonarny i OnLine","publisher":{"@id":"https:\/\/pvgroup.pl\/#organization"},"potentialAction":[{"@type":"SearchAction","target":{"@type":"EntryPoint","urlTemplate":"https:\/\/pvgroup.pl\/?s={search_term_string}"},"query-input":"required name=search_term_string"}],"inLanguage":"pl-PL"},{"@type":"Organization","@id":"https:\/\/pvgroup.pl\/#organization","name":"PVGroup.pl","url":"https:\/\/pvgroup.pl\/","logo":{"@type":"ImageObject","inLanguage":"pl-PL","@id":"https:\/\/pvgroup.pl\/#\/schema\/logo\/image\/","url":"https:\/\/pvgroup.pl\/wp-content\/uploads\/2019\/10\/PVGroup-logotyp_RGB-kolor-01.png","contentUrl":"https:\/\/pvgroup.pl\/wp-content\/uploads\/2019\/10\/PVGroup-logotyp_RGB-kolor-01.png","width":2415,"height":1002,"caption":"PVGroup.pl"},"image":{"@id":"https:\/\/pvgroup.pl\/#\/schema\/logo\/image\/"},"sameAs":["https:\/\/www.facebook.com\/pvgrouppl\/"]}]}},"_links":{"self":[{"href":"https:\/\/pvgroup.pl\/index.php\/wp-json\/wp\/v2\/product\/29075","targetHints":{"allow":["GET"]}}],"collection":[{"href":"https:\/\/pvgroup.pl\/index.php\/wp-json\/wp\/v2\/product"}],"about":[{"href":"https:\/\/pvgroup.pl\/index.php\/wp-json\/wp\/v2\/types\/product"}],"wp:featuredmedia":[{"embeddable":true,"href":"https:\/\/pvgroup.pl\/index.php\/wp-json\/wp\/v2\/media\/29175"}],"wp:attachment":[{"href":"https:\/\/pvgroup.pl\/index.php\/wp-json\/wp\/v2\/media?parent=29075"}],"wp:term":[{"taxonomy":"product_brand","embeddable":true,"href":"https:\/\/pvgroup.pl\/index.php\/wp-json\/wp\/v2\/product_brand?post=29075"},{"taxonomy":"product_cat","embeddable":true,"href":"https:\/\/pvgroup.pl\/index.php\/wp-json\/wp\/v2\/product_cat?post=29075"},{"taxonomy":"product_tag","embeddable":true,"href":"https:\/\/pvgroup.pl\/index.php\/wp-json\/wp\/v2\/product_tag?post=29075"},{"taxonomy":"woo-feed-brand","embeddable":true,"href":"https:\/\/pvgroup.pl\/index.php\/wp-json\/wp\/v2\/woo-feed-brand?post=29075"}],"curies":[{"name":"wp","href":"https:\/\/api.w.org\/{rel}","templated":true}]}}