{"id":33987,"date":"2024-04-18T12:05:59","date_gmt":"2024-04-18T10:05:59","guid":{"rendered":"https:\/\/pvgroup.pl\/index.php\/produkt\/growatt-bateria-apx-zestaw-55kwh-dla-falownika-mid-xh\/"},"modified":"2026-04-10T11:18:53","modified_gmt":"2026-04-10T09:18:53","slug":"growatt-bateria-apx-zestaw-55kwh-dla-falownika-mid-xh","status":"publish","type":"product","link":"https:\/\/pvgroup.pl\/index.php\/produkt\/growatt-bateria-apx-zestaw-55kwh-dla-falownika-mid-xh\/","title":{"rendered":"GROWATT Bateria APX Zestaw 55kWh dla falownika MID XH"},"content":{"rendered":"<h1>Zestaw akumulator\u00f3w GROWATT APX 55kWh do falownika MID XH<\/h1>\n<p>&nbsp;<\/p>\n<p>&nbsp;<\/p>\n<p><img loading=\"lazy\" decoding=\"async\" class=\"aligncenter wp-image-8940\" src=\"https:\/\/growatt.tech\/wp-content\/uploads\/2023\/02\/GROWATT-POWERING-TOMORROW.png\" sizes=\"auto, (max-width: 600px) 100vw, 600px\" srcset=\"https:\/\/growatt.tech\/wp-content\/uploads\/2023\/02\/GROWATT-POWERING-TOMORROW.png 2008w, https:\/\/growatt.tech\/wp-content\/uploads\/2023\/02\/GROWATT-POWERING-TOMORROW-300x73.png 300w, https:\/\/growatt.tech\/wp-content\/uploads\/2023\/02\/GROWATT-POWERING-TOMORROW-1024x248.png 1024w, https:\/\/growatt.tech\/wp-content\/uploads\/2023\/02\/GROWATT-POWERING-TOMORROW-768x186.png 768w, https:\/\/growatt.tech\/wp-content\/uploads\/2023\/02\/GROWATT-POWERING-TOMORROW-1536x373.png 1536w, https:\/\/growatt.tech\/wp-content\/uploads\/2023\/02\/GROWATT-POWERING-TOMORROW-600x146.png 600w\" alt=\"Growatt zasila jutro\" width=\"600\" height=\"146\" \/><\/p>\n<p>&nbsp;<\/p>\n<p>&nbsp;<\/p>\n<p>&nbsp;<\/p>\n<p>&nbsp;<\/p>\n<p>&nbsp;<\/p>\n<p><a href=\"https:\/\/growatt.tech\/pl\/zawarto%C5%9B%C4%87-wp\/dodane\/2024\/04\/Growatt-APX-HV-1.webp\"><img loading=\"lazy\" decoding=\"async\" class=\"aligncenter size-full wp-image-11255\" src=\"https:\/\/growatt.tech\/wp-content\/uploads\/2024\/04\/Growatt-APX-HV-1.webp\" sizes=\"auto, (max-width: 491px) 100vw, 491px\" srcset=\"https:\/\/growatt.tech\/wp-content\/uploads\/2024\/04\/Growatt-APX-HV-1.webp 491w, https:\/\/growatt.tech\/wp-content\/uploads\/2024\/04\/Growatt-APX-HV-1-300x214.webp 300w\" alt=\"Growatt-APX-HV- (1)\" width=\"491\" height=\"350\" \/><\/a><\/p>\n<h3>GROWATT Bateria APX Zestaw 55kWh do falownik\u00f3w MID XH. Wsp\u00f3\u0142pracuje z tr\u00f3jfazowymi inwerterami hybrydowymi Growatt.<\/h3>\n<p>&nbsp;<\/p>\n<p>Zestaw akumulator\u00f3w GROWATT APX 55kWh jest specjalnie zaprojektowany dla jednego falownika MID XH i sk\u0142ada si\u0119 z nast\u0119puj\u0105cych element\u00f3w:<\/p>\n<ul>\n<li><strong>11 baterie APX;<\/strong>\u00a0Zestaw zawiera jedn\u0105 bateri\u0119 o pojemno\u015bci 5 kWh. Bateria ta jest w stanie magazynowa\u0107 znaczn\u0105 ilo\u015b\u0107 energii.<\/li>\n<li><strong>1 x BMS (system zarz\u0105dzania bateri\u0105);<\/strong> BMS pe\u0142ni funkcj\u0119 kontrolera akumulator\u00f3w. Reguluje proces \u0142adowania i roz\u0142adowywania, monitoruje stan baterii oraz zapewnia optymaln\u0105 wydajno\u015b\u0107 i bezpiecze\u0144stwo.<\/li>\n<li><strong>1 x Kabel do po\u0142\u0105czenia BMS z falownikiem \u2013 APX H \u2013 Wysokie Napi\u0119cie;<\/strong> Kable te s\u0142u\u017c\u0105 do po\u0142\u0105czenia BMS-a z falownikiem MID XH. Zapewniaj\u0105 bezpieczne i niezawodne po\u0142\u0105czenie zapewniaj\u0105ce efektywny transfer mocy.<\/li>\n<li><strong>1 x kabel Growatt APX do szeregowego \u0142\u0105czenia zestaw\u00f3w akumulator\u00f3w<\/strong><\/li>\n<li><strong>2 x podstawa baterii \u2013 APX H<\/strong>: W zestawie znajduje si\u0119 podstawa baterii, kt\u00f3ra zapewnia stabilne i uporz\u0105dkowane rozmieszczenie baterii APX. Zapewniaj\u0105 prawid\u0142owy monta\u017c i bezpieczne umiejscowienie akumulator\u00f3w.<\/li>\n<\/ul>\n<p>&nbsp;<\/p>\n<h3>Mo\u017cliwo\u015b\u0107 dok\u0142adania baterii w przysz\u0142o\u015bci bez utraty pojemno\u015bci istniej\u0105cych jednostek.<\/h3>\n<p>&nbsp;<\/p>\n<p><a href=\"https:\/\/pvgroup.pl\/wp-content\/uploads\/2024\/04\/Growatt-APX-system-SOC.jpeg\"><img loading=\"lazy\" decoding=\"async\" class=\"size-full wp-image-34207 aligncenter\" src=\"https:\/\/pvgroup.pl\/wp-content\/uploads\/2024\/04\/Growatt-APX-system-SOC.jpeg\" sizes=\"auto, (max-width: 972px) 100vw, 972px\" srcset=\"https:\/\/pvgroup.pl\/wp-content\/uploads\/2024\/04\/Growatt-APX-system-SOC.jpeg 972w, https:\/\/pvgroup.pl\/wp-content\/uploads\/2024\/04\/Growatt-APX-system-SOC-300x121.jpeg 300w, https:\/\/pvgroup.pl\/wp-content\/uploads\/2024\/04\/Growatt-APX-system-SOC-768x311.jpeg 768w, https:\/\/pvgroup.pl\/wp-content\/uploads\/2024\/04\/Growatt-APX-system-SOC-600x243.jpeg 600w\" alt=\"Growatt APX system SOC\" width=\"972\" height=\"393\" \/><\/a><\/p>\n<p>&nbsp;<\/p>\n<p>Zestaw akumulator\u00f3w Growatt oferuje kompleksowe rozwi\u0105zanie w zakresie magazynowania energii dzi\u0119ki akumulatorom o du\u017cej pojemno\u015bci, wydajnemu systemowi BMS oraz niezb\u0119dnym okablowaniom i stojakom. Zosta\u0142 zaprojektowany tak, aby bezproblemowo integrowa\u0107 si\u0119 z falownikiem MID XH, umo\u017cliwiaj\u0105c efektywne zarz\u0105dzanie energi\u0105 w r\u00f3\u017cnych zastosowaniach.<\/p>\n<p>&nbsp;<\/p>\n<h3>GROWATT Bateria APX Zestaw 55kWh zawiera:<\/h3>\n<p>Konfiguracja dla jednego falownika MID XH:<\/p>\n<ul>\n<li>11 x akumulatory APX 5 kWh<\/li>\n<li>1 x BMS (kontroler do akumulator\u00f3w)<\/li>\n<li>1 x Kable do po\u0142\u0105czenia BMS z falownikiem \u2013 APX H \u2013 Wysokie napi\u0119cie<\/li>\n<li>1 x kabel Growatt APX do szeregowego \u0142\u0105czenia zestaw\u00f3w akumulator\u00f3w<\/li>\n<li>2 x podstawa baterii \u2013 APX<\/li>\n<\/ul>\n<hr \/>\n<p class=\"gt-block\"><strong>INFORMACJE OG\u00d3LNE<\/strong><\/p>\n<div class=\"first-section-boxes general-info\">\n<ul>\n<li>Pracuje z <strong>Falowniki serii MID XH 3-fazowe<\/strong><\/li>\n<li>Akumulatory APX LFP (litowo-\u017celazowo-fosforanowe) to akumulatory niezawieraj\u0105ce kobaltu, zapewniaj\u0105ce doskona\u0142y poziom bezpiecze\u0144stwa i niezawodno\u015bci<\/li>\n<li>\u0141atwa instalacja dzi\u0119ki modu\u0142owej konstrukcji z mo\u017cliwo\u015bci\u0105 uk\u0142adania w stosy<\/li>\n<li>Zdalna aktualizacja oprogramowania<\/li>\n<li>D\u0142uga \u017cywotno\u015b\u0107, 10 lat gwarancji<\/li>\n<li>Do uruchomienia wymagana jest jedna bateria + sterownik BMS dla falownik\u00f3w 3-fazowych.<\/li>\n<li>Akumulatory APX maj\u0105 stopie\u0144 ochrony IP65, co zapewnia d\u0142u\u017csz\u0105 bezproblemow\u0105 prac\u0119 w pomieszczeniach i na zewn\u0105trz<\/li>\n<li>Akumulatory maj\u0105 kompaktow\u0105 obudow\u0119 (690\/185\/295 mm) i wa\u017c\u0105 tylko 50 kg ka\u017cdy<\/li>\n<li>APX monitoruj\u0105 nie tylko ca\u0142kowity stan baterii, ale tak\u017ce poszczeg\u00f3lnych ogniw i zapewniaj\u0105 pe\u0142n\u0105 ochron\u0119 uk\u0142adu baterii<\/li>\n<li>R\u00f3wnowa\u017cenie napi\u0119cia ogniw pozwala na d\u0142u\u017csz\u0105 \u017cywotno\u015b\u0107 baterii<\/li>\n<li>Plan gwarancyjny Growatt<\/li>\n<\/ul>\n<\/div>\n<div class=\"first-section-boxes general-info\">\n<p>&nbsp;<\/p>\n<\/div>\n<h3 class=\"first-section-boxes general-info\">Za bezpiecze\u0144stwo przesy\u0142ek baterii odpowiada firma:<\/h3>\n<p>&nbsp;<\/p>\n<p><img loading=\"lazy\" decoding=\"async\" class=\"aligncenter size-full wp-image-10459\" src=\"https:\/\/growatt.tech\/wp-content\/uploads\/2023\/02\/Logo-Raben-PVGroup.pl-mi-e1644249674757.jpg\" sizes=\"auto, (max-width: 446px) 100vw, 446px\" srcset=\"https:\/\/growatt.tech\/wp-content\/uploads\/2023\/02\/Logo-Raben-PVGroup.pl-mi-e1644249674757.jpg 446w, https:\/\/growatt.tech\/wp-content\/uploads\/2023\/02\/Logo-Raben-PVGroup.pl-mi-e1644249674757-300x124.jpg 300w\" alt=\"Logo-Raben-PVGroup.pl\" width=\"446\" height=\"184\" \/><\/p>\n<p>&nbsp;<\/p>\n<p>Zestaw akumulator\u00f3w Growatt podr\u00f3\u017cuje do Ciebie ubezpieczonym transportem. Przesy\u0142ki pakowane s\u0105 z du\u017c\u0105 staranno\u015bci\u0105 w taki spos\u00f3b, aby bateria dotar\u0142a do miejsca przeznaczenia w stanie nieuszkodzonym.<\/p>\n<div class=\"first-section-boxes general-info\">\n<p>&nbsp;<\/p>\n<p>&nbsp;<\/p>\n<h3><img loading=\"lazy\" decoding=\"async\" class=\"alignnone wp-image-8938\" src=\"https:\/\/growatt.tech\/wp-content\/uploads\/2023\/02\/linia.png\" sizes=\"auto, (max-width: 8492px) 100vw, 8492px\" srcset=\"https:\/\/growatt.tech\/wp-content\/uploads\/2023\/02\/linia.png 3312w, https:\/\/growatt.tech\/wp-content\/uploads\/2023\/02\/linia-300x4.png 300w, https:\/\/growatt.tech\/wp-content\/uploads\/2023\/02\/linia-1024x12.png 1024w, https:\/\/growatt.tech\/wp-content\/uploads\/2023\/02\/linia-768x9.png 768w, https:\/\/growatt.tech\/wp-content\/uploads\/2023\/02\/linia-1536x18.png 1536w, https:\/\/growatt.tech\/wp-content\/uploads\/2023\/02\/linia-2048x24.png 2048w, https:\/\/growatt.tech\/wp-content\/uploads\/2023\/02\/linia-600x7.png 600w\" alt=\"\" width=\"8492\" height=\"100\" \/><\/h3>\n<\/div>\n<div class=\"first-section-boxes general-info\">\n<h3>Dokumenty do pobrania dotycz\u0105ce zestawu baterii GROWATT APX:<\/h3>\n<p>&nbsp;<\/p>\n<h3 class=\"wp-block-image\"><a href=\"https:\/\/growatt.tech\/wp-content\/uploads\/2023\/06\/APX-battery.pdf\">Karta katalogowa<\/a><\/h3>\n<p>&nbsp;<\/p>\n<h3 class=\"wp-block-image\"><a href=\"https:\/\/growatt.tech\/wp-content\/uploads\/shared-files\/APX_HV_Battery_IEC62477_IEC62040.pdf\">Certyfikat<\/a><\/h3>\n<p>&nbsp;<\/p>\n<h3 class=\"wp-block-image\"><a href=\"https:\/\/en.growatt.com\/upload\/file\/APX_5.0~30.0P-S0_User_Manual_EN_202401.pdf\">Instrukcje obs\u0142ugi<\/a><\/h3>\n<\/div>\n","protected":false},"excerpt":{"rendered":"<p>GROWATT Bateria APX Zestaw 55kWh oferuje kompleksowe rozwi\u0105zanie w zakresie magazynowania energii obejmuj\u0105ce akumulatory o du\u017cej pojemno\u015bci, wydajny BMS oraz niezb\u0119dne kable i stojaki. Zosta\u0142 zaprojektowany tak, aby bezproblemowo integrowa\u0107 si\u0119 z falownikiem MID XH, umo\u017cliwiaj\u0105c efektywne zarz\u0105dzanie energi\u0105 w r\u00f3\u017cnych zastosowaniach.<\/p>\n","protected":false},"featured_media":34204,"template":"","meta":{"site-sidebar-layout":"default","site-content-layout":"","ast-site-content-layout":"default","site-content-style":"default","site-sidebar-style":"default","ast-global-header-display":"","ast-banner-title-visibility":"","ast-main-header-display":"","ast-hfb-above-header-display":"","ast-hfb-below-header-display":"","ast-hfb-mobile-header-display":"","site-post-title":"","ast-breadcrumbs-content":"","ast-featured-img":"","footer-sml-layout":"","ast-disable-related-posts":"","theme-transparent-header-meta":"default","adv-header-id-meta":"","stick-header-meta":"default","header-above-stick-meta":"","header-main-stick-meta":"","header-below-stick-meta":"","astra-migrate-meta-layouts":"set","ast-page-background-enabled":"default","ast-page-background-meta":{"desktop":{"background-color":"","background-image":"","background-repeat":"repeat","background-position":"center center","background-size":"auto","background-attachment":"scroll","background-type":"","background-media":"","overlay-type":"","overlay-color":"","overlay-opacity":"","overlay-gradient":""},"tablet":{"background-color":"","background-image":"","background-repeat":"repeat","background-position":"center center","background-size":"auto","background-attachment":"scroll","background-type":"","background-media":"","overlay-type":"","overlay-color":"","overlay-opacity":"","overlay-gradient":""},"mobile":{"background-color":"","background-image":"","background-repeat":"repeat","background-position":"center center","background-size":"auto","background-attachment":"scroll","background-type":"","background-media":"","overlay-type":"","overlay-color":"","overlay-opacity":"","overlay-gradient":""}},"ast-content-background-meta":{"desktop":{"background-color":"var(--ast-global-color-5)","background-image":"","background-repeat":"repeat","background-position":"center center","background-size":"auto","background-attachment":"scroll","background-type":"","background-media":"","overlay-type":"","overlay-color":"","overlay-opacity":"","overlay-gradient":""},"tablet":{"background-color":"var(--ast-global-color-5)","background-image":"","background-repeat":"repeat","background-position":"center center","background-size":"auto","background-attachment":"scroll","background-type":"","background-media":"","overlay-type":"","overlay-color":"","overlay-opacity":"","overlay-gradient":""},"mobile":{"background-color":"var(--ast-global-color-5)","background-image":"","background-repeat":"repeat","background-position":"center center","background-size":"auto","background-attachment":"scroll","background-type":"","background-media":"","overlay-type":"","overlay-color":"","overlay-opacity":"","overlay-gradient":""}}},"product_brand":[],"product_cat":[91],"product_tag":[],"woo-feed-brand":[372],"class_list":{"0":"post-33987","1":"product","2":"type-product","3":"status-publish","4":"has-post-thumbnail","6":"product_cat-magazyny-energii-akumulatory","7":"product_shipping_class-przesylka-adr","8":"woo-feed-brand-growatt","9":"desktop-align-left","10":"tablet-align-left","11":"mobile-align-left","12":"ast-product-gallery-layout-horizontal-slider","13":"ast-product-gallery-with-no-image","14":"ast-product-tabs-layout-horizontal","16":"first","17":"outofstock","18":"taxable","19":"shipping-taxable","20":"purchasable","21":"product-type-simple"},"yoast_head":"<!-- This site is optimized with the Yoast SEO plugin v23.1 - https:\/\/yoast.com\/wordpress\/plugins\/seo\/ -->\n<title>GROWATT Bateria APX Zestaw 55kWh dla falownika MID XH - PVGroup.pl - Wszystko do fotowoltaiki<\/title>\n<meta name=\"description\" content=\"GROWATT Bateria APX Zestaw 55kWh Zestaw baterii Growatt oferuje kompleksowe rozwi\u0105zanie w zakresie magazynowania energii obejmuj\u0105ce akumulatory.\" \/>\n<meta name=\"robots\" content=\"index, follow, max-snippet:-1, max-image-preview:large, max-video-preview:-1\" \/>\n<link rel=\"canonical\" href=\"https:\/\/pvgroup.pl\/index.php\/produkt\/growatt-bateria-apx-zestaw-55kwh-dla-falownika-mid-xh\/\" \/>\n<meta property=\"og:locale\" content=\"pl_PL\" \/>\n<meta property=\"og:type\" content=\"article\" \/>\n<meta property=\"og:title\" content=\"GROWATT Bateria APX Zestaw 55kWh dla falownika MID XH - PVGroup.pl - Wszystko do fotowoltaiki\" \/>\n<meta property=\"og:description\" content=\"GROWATT Bateria APX Zestaw 55kWh Zestaw baterii Growatt oferuje kompleksowe rozwi\u0105zanie w zakresie magazynowania energii obejmuj\u0105ce akumulatory.\" \/>\n<meta property=\"og:url\" content=\"https:\/\/pvgroup.pl\/index.php\/produkt\/growatt-bateria-apx-zestaw-55kwh-dla-falownika-mid-xh\/\" \/>\n<meta property=\"og:site_name\" content=\"PVGroup.pl - Wszystko do fotowoltaiki\" \/>\n<meta property=\"article:publisher\" content=\"https:\/\/www.facebook.com\/pvgrouppl\/\" \/>\n<meta property=\"article:modified_time\" content=\"2026-04-10T09:18:53+00:00\" \/>\n<meta property=\"og:image\" content=\"https:\/\/pvgroup.pl\/wp-content\/uploads\/2024\/04\/Growatt-APX-HV-1.webp\" \/>\n\t<meta property=\"og:image:width\" content=\"491\" \/>\n\t<meta property=\"og:image:height\" content=\"350\" \/>\n\t<meta property=\"og:image:type\" content=\"image\/webp\" \/>\n<meta name=\"twitter:card\" content=\"summary_large_image\" \/>\n<meta name=\"twitter:label1\" content=\"Szacowany czas czytania\" \/>\n\t<meta name=\"twitter:data1\" content=\"4 minuty\" \/>\n<script type=\"application\/ld+json\" class=\"yoast-schema-graph\">{\"@context\":\"https:\/\/schema.org\",\"@graph\":[{\"@type\":\"WebPage\",\"@id\":\"https:\/\/pvgroup.pl\/index.php\/produkt\/growatt-bateria-apx-zestaw-55kwh-dla-falownika-mid-xh\/\",\"url\":\"https:\/\/pvgroup.pl\/index.php\/produkt\/growatt-bateria-apx-zestaw-55kwh-dla-falownika-mid-xh\/\",\"name\":\"GROWATT Bateria APX Zestaw 55kWh dla falownika MID XH - PVGroup.pl - Wszystko do fotowoltaiki\",\"isPartOf\":{\"@id\":\"https:\/\/pvgroup.pl\/#website\"},\"primaryImageOfPage\":{\"@id\":\"https:\/\/pvgroup.pl\/index.php\/produkt\/growatt-bateria-apx-zestaw-55kwh-dla-falownika-mid-xh\/#primaryimage\"},\"image\":{\"@id\":\"https:\/\/pvgroup.pl\/index.php\/produkt\/growatt-bateria-apx-zestaw-55kwh-dla-falownika-mid-xh\/#primaryimage\"},\"thumbnailUrl\":\"https:\/\/pvgroup.pl\/wp-content\/uploads\/2024\/04\/Growatt-APX-HV-1.webp\",\"datePublished\":\"2024-04-18T10:05:59+00:00\",\"dateModified\":\"2026-04-10T09:18:53+00:00\",\"description\":\"GROWATT Bateria APX Zestaw 55kWh Zestaw baterii Growatt oferuje kompleksowe rozwi\u0105zanie w zakresie magazynowania energii obejmuj\u0105ce akumulatory.\",\"breadcrumb\":{\"@id\":\"https:\/\/pvgroup.pl\/index.php\/produkt\/growatt-bateria-apx-zestaw-55kwh-dla-falownika-mid-xh\/#breadcrumb\"},\"inLanguage\":\"pl-PL\",\"potentialAction\":[{\"@type\":\"ReadAction\",\"target\":[\"https:\/\/pvgroup.pl\/index.php\/produkt\/growatt-bateria-apx-zestaw-55kwh-dla-falownika-mid-xh\/\"]}]},{\"@type\":\"ImageObject\",\"inLanguage\":\"pl-PL\",\"@id\":\"https:\/\/pvgroup.pl\/index.php\/produkt\/growatt-bateria-apx-zestaw-55kwh-dla-falownika-mid-xh\/#primaryimage\",\"url\":\"https:\/\/pvgroup.pl\/wp-content\/uploads\/2024\/04\/Growatt-APX-HV-1.webp\",\"contentUrl\":\"https:\/\/pvgroup.pl\/wp-content\/uploads\/2024\/04\/Growatt-APX-HV-1.webp\",\"width\":491,\"height\":350,\"caption\":\"Growatt APX Battery system\"},{\"@type\":\"BreadcrumbList\",\"@id\":\"https:\/\/pvgroup.pl\/index.php\/produkt\/growatt-bateria-apx-zestaw-55kwh-dla-falownika-mid-xh\/#breadcrumb\",\"itemListElement\":[{\"@type\":\"ListItem\",\"position\":1,\"name\":\"Strona g\u0142\u00f3wna\",\"item\":\"https:\/\/pvgroup.pl\/\"},{\"@type\":\"ListItem\",\"position\":2,\"name\":\"Sklep\",\"item\":\"https:\/\/pvgroup.pl\/index.php\/sklep\/\"},{\"@type\":\"ListItem\",\"position\":3,\"name\":\"GROWATT Bateria APX Zestaw 55kWh dla falownika MID XH\"}]},{\"@type\":\"WebSite\",\"@id\":\"https:\/\/pvgroup.pl\/#website\",\"url\":\"https:\/\/pvgroup.pl\/\",\"name\":\"PVGroup.pl - Wszystko do fotowoltaiki\",\"description\":\"Zestawy fotowoltaiczne , Panele s\u0142oneczne,  Fotowoltaika. Zestawy fotowoltaiki,  sklep stacjonarny i OnLine\",\"publisher\":{\"@id\":\"https:\/\/pvgroup.pl\/#organization\"},\"potentialAction\":[{\"@type\":\"SearchAction\",\"target\":{\"@type\":\"EntryPoint\",\"urlTemplate\":\"https:\/\/pvgroup.pl\/?s={search_term_string}\"},\"query-input\":\"required name=search_term_string\"}],\"inLanguage\":\"pl-PL\"},{\"@type\":\"Organization\",\"@id\":\"https:\/\/pvgroup.pl\/#organization\",\"name\":\"PVGroup.pl\",\"url\":\"https:\/\/pvgroup.pl\/\",\"logo\":{\"@type\":\"ImageObject\",\"inLanguage\":\"pl-PL\",\"@id\":\"https:\/\/pvgroup.pl\/#\/schema\/logo\/image\/\",\"url\":\"https:\/\/pvgroup.pl\/wp-content\/uploads\/2019\/10\/PVGroup-logotyp_RGB-kolor-01.png\",\"contentUrl\":\"https:\/\/pvgroup.pl\/wp-content\/uploads\/2019\/10\/PVGroup-logotyp_RGB-kolor-01.png\",\"width\":2415,\"height\":1002,\"caption\":\"PVGroup.pl\"},\"image\":{\"@id\":\"https:\/\/pvgroup.pl\/#\/schema\/logo\/image\/\"},\"sameAs\":[\"https:\/\/www.facebook.com\/pvgrouppl\/\"]}]}<\/script>\n<!-- \/ Yoast SEO plugin. -->","yoast_head_json":{"title":"GROWATT Bateria APX Zestaw 55kWh dla falownika MID XH - PVGroup.pl - Wszystko do fotowoltaiki","description":"GROWATT Bateria APX Zestaw 55kWh Zestaw baterii Growatt oferuje kompleksowe rozwi\u0105zanie w zakresie magazynowania energii obejmuj\u0105ce akumulatory.","robots":{"index":"index","follow":"follow","max-snippet":"max-snippet:-1","max-image-preview":"max-image-preview:large","max-video-preview":"max-video-preview:-1"},"canonical":"https:\/\/pvgroup.pl\/index.php\/produkt\/growatt-bateria-apx-zestaw-55kwh-dla-falownika-mid-xh\/","og_locale":"pl_PL","og_type":"article","og_title":"GROWATT Bateria APX Zestaw 55kWh dla falownika MID XH - PVGroup.pl - Wszystko do fotowoltaiki","og_description":"GROWATT Bateria APX Zestaw 55kWh Zestaw baterii Growatt oferuje kompleksowe rozwi\u0105zanie w zakresie magazynowania energii obejmuj\u0105ce akumulatory.","og_url":"https:\/\/pvgroup.pl\/index.php\/produkt\/growatt-bateria-apx-zestaw-55kwh-dla-falownika-mid-xh\/","og_site_name":"PVGroup.pl - Wszystko do fotowoltaiki","article_publisher":"https:\/\/www.facebook.com\/pvgrouppl\/","article_modified_time":"2026-04-10T09:18:53+00:00","og_image":[{"width":491,"height":350,"url":"https:\/\/pvgroup.pl\/wp-content\/uploads\/2024\/04\/Growatt-APX-HV-1.webp","type":"image\/webp"}],"twitter_card":"summary_large_image","twitter_misc":{"Szacowany czas czytania":"4 minuty"},"schema":{"@context":"https:\/\/schema.org","@graph":[{"@type":"WebPage","@id":"https:\/\/pvgroup.pl\/index.php\/produkt\/growatt-bateria-apx-zestaw-55kwh-dla-falownika-mid-xh\/","url":"https:\/\/pvgroup.pl\/index.php\/produkt\/growatt-bateria-apx-zestaw-55kwh-dla-falownika-mid-xh\/","name":"GROWATT Bateria APX Zestaw 55kWh dla falownika MID XH - PVGroup.pl - Wszystko do fotowoltaiki","isPartOf":{"@id":"https:\/\/pvgroup.pl\/#website"},"primaryImageOfPage":{"@id":"https:\/\/pvgroup.pl\/index.php\/produkt\/growatt-bateria-apx-zestaw-55kwh-dla-falownika-mid-xh\/#primaryimage"},"image":{"@id":"https:\/\/pvgroup.pl\/index.php\/produkt\/growatt-bateria-apx-zestaw-55kwh-dla-falownika-mid-xh\/#primaryimage"},"thumbnailUrl":"https:\/\/pvgroup.pl\/wp-content\/uploads\/2024\/04\/Growatt-APX-HV-1.webp","datePublished":"2024-04-18T10:05:59+00:00","dateModified":"2026-04-10T09:18:53+00:00","description":"GROWATT Bateria APX Zestaw 55kWh Zestaw baterii Growatt oferuje kompleksowe rozwi\u0105zanie w zakresie magazynowania energii obejmuj\u0105ce akumulatory.","breadcrumb":{"@id":"https:\/\/pvgroup.pl\/index.php\/produkt\/growatt-bateria-apx-zestaw-55kwh-dla-falownika-mid-xh\/#breadcrumb"},"inLanguage":"pl-PL","potentialAction":[{"@type":"ReadAction","target":["https:\/\/pvgroup.pl\/index.php\/produkt\/growatt-bateria-apx-zestaw-55kwh-dla-falownika-mid-xh\/"]}]},{"@type":"ImageObject","inLanguage":"pl-PL","@id":"https:\/\/pvgroup.pl\/index.php\/produkt\/growatt-bateria-apx-zestaw-55kwh-dla-falownika-mid-xh\/#primaryimage","url":"https:\/\/pvgroup.pl\/wp-content\/uploads\/2024\/04\/Growatt-APX-HV-1.webp","contentUrl":"https:\/\/pvgroup.pl\/wp-content\/uploads\/2024\/04\/Growatt-APX-HV-1.webp","width":491,"height":350,"caption":"Growatt APX Battery system"},{"@type":"BreadcrumbList","@id":"https:\/\/pvgroup.pl\/index.php\/produkt\/growatt-bateria-apx-zestaw-55kwh-dla-falownika-mid-xh\/#breadcrumb","itemListElement":[{"@type":"ListItem","position":1,"name":"Strona g\u0142\u00f3wna","item":"https:\/\/pvgroup.pl\/"},{"@type":"ListItem","position":2,"name":"Sklep","item":"https:\/\/pvgroup.pl\/index.php\/sklep\/"},{"@type":"ListItem","position":3,"name":"GROWATT Bateria APX Zestaw 55kWh dla falownika MID XH"}]},{"@type":"WebSite","@id":"https:\/\/pvgroup.pl\/#website","url":"https:\/\/pvgroup.pl\/","name":"PVGroup.pl - Wszystko do fotowoltaiki","description":"Zestawy fotowoltaiczne , Panele s\u0142oneczne,  Fotowoltaika. Zestawy fotowoltaiki,  sklep stacjonarny i OnLine","publisher":{"@id":"https:\/\/pvgroup.pl\/#organization"},"potentialAction":[{"@type":"SearchAction","target":{"@type":"EntryPoint","urlTemplate":"https:\/\/pvgroup.pl\/?s={search_term_string}"},"query-input":"required name=search_term_string"}],"inLanguage":"pl-PL"},{"@type":"Organization","@id":"https:\/\/pvgroup.pl\/#organization","name":"PVGroup.pl","url":"https:\/\/pvgroup.pl\/","logo":{"@type":"ImageObject","inLanguage":"pl-PL","@id":"https:\/\/pvgroup.pl\/#\/schema\/logo\/image\/","url":"https:\/\/pvgroup.pl\/wp-content\/uploads\/2019\/10\/PVGroup-logotyp_RGB-kolor-01.png","contentUrl":"https:\/\/pvgroup.pl\/wp-content\/uploads\/2019\/10\/PVGroup-logotyp_RGB-kolor-01.png","width":2415,"height":1002,"caption":"PVGroup.pl"},"image":{"@id":"https:\/\/pvgroup.pl\/#\/schema\/logo\/image\/"},"sameAs":["https:\/\/www.facebook.com\/pvgrouppl\/"]}]}},"_links":{"self":[{"href":"https:\/\/pvgroup.pl\/index.php\/wp-json\/wp\/v2\/product\/33987","targetHints":{"allow":["GET"]}}],"collection":[{"href":"https:\/\/pvgroup.pl\/index.php\/wp-json\/wp\/v2\/product"}],"about":[{"href":"https:\/\/pvgroup.pl\/index.php\/wp-json\/wp\/v2\/types\/product"}],"wp:featuredmedia":[{"embeddable":true,"href":"https:\/\/pvgroup.pl\/index.php\/wp-json\/wp\/v2\/media\/34204"}],"wp:attachment":[{"href":"https:\/\/pvgroup.pl\/index.php\/wp-json\/wp\/v2\/media?parent=33987"}],"wp:term":[{"taxonomy":"product_brand","embeddable":true,"href":"https:\/\/pvgroup.pl\/index.php\/wp-json\/wp\/v2\/product_brand?post=33987"},{"taxonomy":"product_cat","embeddable":true,"href":"https:\/\/pvgroup.pl\/index.php\/wp-json\/wp\/v2\/product_cat?post=33987"},{"taxonomy":"product_tag","embeddable":true,"href":"https:\/\/pvgroup.pl\/index.php\/wp-json\/wp\/v2\/product_tag?post=33987"},{"taxonomy":"woo-feed-brand","embeddable":true,"href":"https:\/\/pvgroup.pl\/index.php\/wp-json\/wp\/v2\/woo-feed-brand?post=33987"}],"curies":[{"name":"wp","href":"https:\/\/api.w.org\/{rel}","templated":true}]}}