{"id":34485,"date":"2024-12-20T12:38:27","date_gmt":"2024-12-20T11:38:27","guid":{"rendered":"https:\/\/pvgroup.pl\/index.php\/produkt\/growatt-axe-5-0h-e1-eu\/"},"modified":"2026-04-10T11:19:36","modified_gmt":"2026-04-10T09:19:36","slug":"growatt-axe-5-0h-e1","status":"publish","type":"product","link":"https:\/\/pvgroup.pl\/index.php\/produkt\/growatt-axe-5-0h-e1\/","title":{"rendered":"Growatt AXE 5.0H-E1"},"content":{"rendered":"<h1 style=\"text-align: center\">Growatt AXE 5.0H-E1 dla komercyjnych falownik\u00f3w magazynowych<\/h1>\n<h5><\/h5>\n<h5><\/h5>\n<h4><img loading=\"lazy\" decoding=\"async\" class=\"aligncenter wp-image-8940\" src=\"https:\/\/growatt.tech\/wp-content\/uploads\/2023\/02\/GROWATT-POWERING-TOMORROW.png\" alt=\"Growatt powering tomorrow Growatt AXE 5.0H-E1\" width=\"600\" height=\"146\" \/><\/h4>\n<h5><\/h5>\n<h4><\/h4>\n<h4 style=\"text-align: center\">Je\u015bli jeste\u015b zainteresowany zakupem wybranego falownika w ilo\u015bciach hurtowych, skontaktuj si\u0119 z naszym zespo\u0142em<\/h4>\n<h4><\/h4>\n<h4 style=\"text-align: center\"><a href=\"mailto:info@growatt.tech\">info@growatt.tech<\/a><\/h4>\n<p>&nbsp;<\/p>\n<p>&nbsp;<\/p>\n<h2 style=\"text-align: center\">Growatt AXE 5.0H-E1 dla komercyjnych falownik\u00f3w magazynowych<\/h2>\n<p>&nbsp;<\/p>\n<p><a href=\"https:\/\/pvgroup.pl\/wp-content\/uploads\/2024\/12\/PHOTO-2025-01-03-08-47-10.jpg\"><img loading=\"lazy\" decoding=\"async\" class=\"aligncenter wp-image-34505\" src=\"https:\/\/pvgroup.pl\/wp-content\/uploads\/2024\/12\/PHOTO-2025-01-03-08-47-10-1024x867.jpg\" alt=\"Growatt AXE 5.0H-E1\" width=\"619\" height=\"524\" srcset=\"https:\/\/pvgroup.pl\/wp-content\/uploads\/2024\/12\/PHOTO-2025-01-03-08-47-10-1024x867.jpg 1024w, https:\/\/pvgroup.pl\/wp-content\/uploads\/2024\/12\/PHOTO-2025-01-03-08-47-10-300x254.jpg 300w, https:\/\/pvgroup.pl\/wp-content\/uploads\/2024\/12\/PHOTO-2025-01-03-08-47-10-768x650.jpg 768w, https:\/\/pvgroup.pl\/wp-content\/uploads\/2024\/12\/PHOTO-2025-01-03-08-47-10-600x508.jpg 600w, https:\/\/pvgroup.pl\/wp-content\/uploads\/2024\/12\/PHOTO-2025-01-03-08-47-10.jpg 1080w\" sizes=\"auto, (max-width: 619px) 100vw, 619px\" \/><\/a><\/p>\n<h3 style=\"text-align: center\">Growatt AXE 5.0H-E1 zalety:<\/h3>\n<div class=\"page\" title=\"Page 17\">\n<div class=\"section\">\n<div class=\"layoutArea\">\n<div class=\"column\">\n<p style=\"text-align: center\"><strong>\u0141adowanie na \u017c\u0105danie<\/strong><\/p>\n<p style=\"text-align: center\">Akumulator roz\u0142aduje si\u0119, aby zrekompensowa\u0107 cz\u0119\u015bci zu\u017cycia obci\u0105\u017cenia przekraczaj\u0105ce pr\u00f3g zapotrzebowania na moc, aby zmniejszy\u0107 dodatkowe op\u0142aty poprzez nadmierne ograniczenie zu\u017cycia energii.<\/p>\n<p style=\"text-align: center\"><strong>Rozszerzenie mocy<\/strong><\/p>\n<p style=\"text-align: center\">Akumulator roz\u0142aduje si\u0119 w celu skompensowania cz\u0119\u015bci zu\u017cycia energii lub nowego sprz\u0119tu elektrycznego, kt\u00f3ry przekracza pr\u00f3g transformatora, aby zmniejszy\u0107 dodatkowe koszty modernizacji i powi\u0119kszenia transformatora.<\/p>\n<p style=\"text-align: center\"><strong>Awaryjne podtrzymanie zasilania<\/strong><\/p>\n<p style=\"text-align: center\">Akumulator roz\u0142aduje si\u0119, gdy nast\u0105pi przerwa w dostawie pr\u0105du i zapewni zasilanie awaryjne w celu zapewnienia ci\u0105g\u0142o\u015bci zasilania.<\/p>\n<\/div>\n<\/div>\n<\/div>\n<\/div>\n<p><strong>Zestaw do magazynowania energii Growatt powinien zawiera\u0107:<\/strong><br \/>\n<strong>Konfiguracja dla jednego falownika:<\/strong><\/p>\n<ul>\n<li>Min. 6 sztuk (maks. 20 sztuk) akumulator\u00f3w APX<\/li>\n<li>1 xWIT 29.9\/30\/40\/50K-XHU<\/li>\n<li>1 x Growatt AXE 1000100-c1<\/li>\n<li>1 x Growatt AXE Skrzynka przy\u0142\u0105czeniowa zacisk\u00f3w akumulatora<\/li>\n<li>1 x stojak na baterie Growatt AXE 40H-E1\/GROWATT AXE 60H-E1<\/li>\n<\/ul>\n<p>&nbsp;<\/p>\n<p>&nbsp;<\/p>\n<p>&nbsp;<\/p>\n<p><strong>INFORMACJE OG\u00d3LNE<\/strong><\/p>\n<ul>\n<li>Elastyczne opcje pojemno\u015bci, od 30 kWh do 100 kWh &#8211;<\/li>\n<li>Optymalizacja zu\u017cycia energii na poziomie modu\u0142u<\/li>\n<li>Obs\u0142uga mieszania nowych i starych modu\u0142\u00f3w baterii w jednym systemie<\/li>\n<li>\u0141atwa instalacja dzi\u0119ki modu\u0142owej i pi\u0119trowej konstrukcji<\/li>\n<li>D\u0142uga \u017cywotno\u015b\u0107,<\/li>\n<li>10 lat gwarancji<\/li>\n<li>Ogniwo akumulatora LFP<\/li>\n<li>Konstrukcja nadmiarowa<\/li>\n<li>Wielopoziomowa ochrona<\/li>\n<li>Automatyczne r\u00f3wnowa\u017cenie pakietu i ogniw<\/li>\n<\/ul>\n<div class=\"first-section-boxes general-info\">\n<p><a href=\"https:\/\/growatt.tech\/wp-content\/uploads\/2024\/12\/Zrzut-ekranu-2025-01-3-o-11.41.08.png\"><img loading=\"lazy\" decoding=\"async\" class=\"aligncenter wp-image-12007 size-full\" src=\"https:\/\/growatt.tech\/wp-content\/uploads\/2024\/12\/Zrzut-ekranu-2025-01-3-o-11.41.08.png\" alt=\"datasheet Growatt AXE 5.0H-E1\" width=\"962\" height=\"584\" \/><\/a><\/p>\n<\/div>\n<h3 class=\"first-section-boxes general-info\" style=\"text-align: center\">Za bezpiecze\u0144stwo przesy\u0142ek z akumulatorami odpowiada firma:<\/h3>\n<p>&nbsp;<\/p>\n<p style=\"text-align: center\"><img loading=\"lazy\" decoding=\"async\" class=\"aligncenter wp-image-10459 size-full\" src=\"https:\/\/growatt.tech\/wp-content\/uploads\/2023\/02\/Logo-Raben-PVGroup.pl-mi-e1644249674757.jpg\" alt=\"Logo-Raben-PVGroup.pl Growatt AXE 5.0H-E1\" width=\"446\" height=\"184\" \/><\/p>\n<p>&nbsp;<\/p>\n<p style=\"text-align: center\">Zestawy akumulator\u00f3w Growatt s\u0105 dostarczane ubezpieczonym transportem. Przesy\u0142ki s\u0105 pakowane z wielk\u0105 staranno\u015bci\u0105 w taki spos\u00f3b, aby bateria dotar\u0142a do miejsca przeznaczenia nieuszkodzona.<\/p>\n<div class=\"first-section-boxes general-info\" style=\"text-align: center\">\n<p>&nbsp;<\/p>\n<p>&nbsp;<\/p>\n<h3 style=\"text-align: center\"><img loading=\"lazy\" decoding=\"async\" class=\"alignnone wp-image-8938\" style=\"font-size: 16px\" src=\"https:\/\/growatt.tech\/wp-content\/uploads\/2023\/02\/linia.png\" alt=\"\" width=\"8492\" height=\"100\" \/><\/h3>\n<\/div>\n<div class=\"first-section-boxes general-info\" style=\"text-align: center\">\n<h2>Dokumenty do pobrania:<\/h2>\n<p>&nbsp;<\/p>\n<h3 class=\"wp-block-image\"><a href=\"https:\/\/www.ginverter.com\/upload\/file\/APX_71-114kWh_EU_Datasheet_EN_202306.pdf\">Datasheet<\/a><\/h3>\n<p>&nbsp;<\/p>\n<h3 class=\"wp-block-image\"><a href=\"https:\/\/growatt.tech\/wp-content\/uploads\/2024\/12\/AXE_5.0H-E1_EU_UN38.8-1.pdf\">Certificate<\/a><\/h3>\n<p>&nbsp;<\/p>\n<h3 class=\"wp-block-image\"><a href=\"https:\/\/growatt.tech\/wp-content\/uploads\/2024\/12\/AXE_30.0-60.0H-CE1_EU_Quick_Guide_EN_202408.pdf\">User manuals<\/a><\/h3>\n<\/div>\n<div class=\"first-section-boxes general-info\" style=\"text-align: center\"><\/div>\n","protected":false},"excerpt":{"rendered":"<p>Growatt AXE 5.0H-E1 dla komercyjnych falownik\u00f3w magazynowych Je\u015bli jeste\u015b zainteresowany zakupem wybranego falownika w ilo\u015bciach hurtowych, skontaktuj si\u0119 z naszym zespo\u0142em info@growatt.tech &nbsp; &nbsp; Growatt AXE 5.0H-E1 dla komercyjnych falownik\u00f3w magazynowych &nbsp; Growatt AXE 5.0H-E1 zalety: \u0141adowanie na \u017c\u0105danie Akumulator roz\u0142aduje si\u0119, aby zrekompensowa\u0107 cz\u0119\u015bci zu\u017cycia obci\u0105\u017cenia przekraczaj\u0105ce pr\u00f3g zapotrzebowania na moc, aby zmniejszy\u0107 dodatkowe [&hellip;]<\/p>\n","protected":false},"featured_media":34505,"template":"","meta":{"site-sidebar-layout":"default","site-content-layout":"","ast-site-content-layout":"default","site-content-style":"default","site-sidebar-style":"default","ast-global-header-display":"","ast-banner-title-visibility":"","ast-main-header-display":"","ast-hfb-above-header-display":"","ast-hfb-below-header-display":"","ast-hfb-mobile-header-display":"","site-post-title":"","ast-breadcrumbs-content":"","ast-featured-img":"","footer-sml-layout":"","ast-disable-related-posts":"","theme-transparent-header-meta":"default","adv-header-id-meta":"","stick-header-meta":"default","header-above-stick-meta":"","header-main-stick-meta":"","header-below-stick-meta":"","astra-migrate-meta-layouts":"set","ast-page-background-enabled":"default","ast-page-background-meta":{"desktop":{"background-color":"","background-image":"","background-repeat":"repeat","background-position":"center center","background-size":"auto","background-attachment":"scroll","background-type":"","background-media":"","overlay-type":"","overlay-color":"","overlay-opacity":"","overlay-gradient":""},"tablet":{"background-color":"","background-image":"","background-repeat":"repeat","background-position":"center center","background-size":"auto","background-attachment":"scroll","background-type":"","background-media":"","overlay-type":"","overlay-color":"","overlay-opacity":"","overlay-gradient":""},"mobile":{"background-color":"","background-image":"","background-repeat":"repeat","background-position":"center center","background-size":"auto","background-attachment":"scroll","background-type":"","background-media":"","overlay-type":"","overlay-color":"","overlay-opacity":"","overlay-gradient":""}},"ast-content-background-meta":{"desktop":{"background-color":"var(--ast-global-color-5)","background-image":"","background-repeat":"repeat","background-position":"center center","background-size":"auto","background-attachment":"scroll","background-type":"","background-media":"","overlay-type":"","overlay-color":"","overlay-opacity":"","overlay-gradient":""},"tablet":{"background-color":"var(--ast-global-color-5)","background-image":"","background-repeat":"repeat","background-position":"center center","background-size":"auto","background-attachment":"scroll","background-type":"","background-media":"","overlay-type":"","overlay-color":"","overlay-opacity":"","overlay-gradient":""},"mobile":{"background-color":"var(--ast-global-color-5)","background-image":"","background-repeat":"repeat","background-position":"center center","background-size":"auto","background-attachment":"scroll","background-type":"","background-media":"","overlay-type":"","overlay-color":"","overlay-opacity":"","overlay-gradient":""}}},"product_brand":[],"product_cat":[91],"product_tag":[],"woo-feed-brand":[],"class_list":{"0":"post-34485","1":"product","2":"type-product","3":"status-publish","4":"has-post-thumbnail","6":"product_cat-magazyny-energii-akumulatory","7":"product_shipping_class-paczka-do-30kg","8":"desktop-align-left","9":"tablet-align-left","10":"mobile-align-left","11":"ast-product-gallery-layout-horizontal-slider","12":"ast-product-gallery-with-no-image","13":"ast-product-tabs-layout-horizontal","15":"first","16":"outofstock","17":"taxable","18":"shipping-taxable","19":"purchasable","20":"product-type-simple"},"yoast_head":"<!-- This site is optimized with the Yoast SEO plugin v23.1 - https:\/\/yoast.com\/wordpress\/plugins\/seo\/ -->\n<title>Growatt AXE 5.0H-E1<\/title>\n<meta name=\"description\" content=\"Najnowsza Growatt AXE 5.0H-E1 to pojedyncza bateria wysokiego napi\u0119cia do szeregowych falownik\u00f3w GROWATT WIT 29.9-50K-XHU.\" \/>\n<meta name=\"robots\" content=\"index, follow, max-snippet:-1, max-image-preview:large, max-video-preview:-1\" \/>\n<link rel=\"canonical\" href=\"https:\/\/pvgroup.pl\/index.php\/produkt\/growatt-axe-5-0h-e1\/\" \/>\n<meta property=\"og:locale\" content=\"pl_PL\" \/>\n<meta property=\"og:type\" content=\"article\" \/>\n<meta property=\"og:title\" content=\"Growatt AXE 5.0H-E1\" \/>\n<meta property=\"og:description\" content=\"Najnowsza Growatt AXE 5.0H-E1 to pojedyncza bateria wysokiego napi\u0119cia do szeregowych falownik\u00f3w GROWATT WIT 29.9-50K-XHU.\" \/>\n<meta property=\"og:url\" content=\"https:\/\/pvgroup.pl\/index.php\/produkt\/growatt-axe-5-0h-e1\/\" \/>\n<meta property=\"og:site_name\" content=\"PVGroup.pl - Wszystko do fotowoltaiki\" \/>\n<meta property=\"article:publisher\" content=\"https:\/\/www.facebook.com\/pvgrouppl\/\" \/>\n<meta property=\"article:modified_time\" content=\"2026-04-10T09:19:36+00:00\" \/>\n<meta property=\"og:image\" content=\"https:\/\/pvgroup.pl\/wp-content\/uploads\/2024\/12\/PHOTO-2025-01-03-08-47-10.jpg\" \/>\n\t<meta property=\"og:image:width\" content=\"1080\" \/>\n\t<meta property=\"og:image:height\" content=\"914\" \/>\n\t<meta property=\"og:image:type\" content=\"image\/jpeg\" \/>\n<meta name=\"twitter:card\" content=\"summary_large_image\" \/>\n<meta name=\"twitter:label1\" content=\"Szacowany czas czytania\" \/>\n\t<meta name=\"twitter:data1\" content=\"3 minuty\" \/>\n<script type=\"application\/ld+json\" class=\"yoast-schema-graph\">{\"@context\":\"https:\/\/schema.org\",\"@graph\":[{\"@type\":\"WebPage\",\"@id\":\"https:\/\/pvgroup.pl\/index.php\/produkt\/growatt-axe-5-0h-e1\/\",\"url\":\"https:\/\/pvgroup.pl\/index.php\/produkt\/growatt-axe-5-0h-e1\/\",\"name\":\"Growatt AXE 5.0H-E1\",\"isPartOf\":{\"@id\":\"https:\/\/pvgroup.pl\/#website\"},\"primaryImageOfPage\":{\"@id\":\"https:\/\/pvgroup.pl\/index.php\/produkt\/growatt-axe-5-0h-e1\/#primaryimage\"},\"image\":{\"@id\":\"https:\/\/pvgroup.pl\/index.php\/produkt\/growatt-axe-5-0h-e1\/#primaryimage\"},\"thumbnailUrl\":\"https:\/\/pvgroup.pl\/wp-content\/uploads\/2024\/12\/PHOTO-2025-01-03-08-47-10.jpg\",\"datePublished\":\"2024-12-20T11:38:27+00:00\",\"dateModified\":\"2026-04-10T09:19:36+00:00\",\"description\":\"Najnowsza Growatt AXE 5.0H-E1 to pojedyncza bateria wysokiego napi\u0119cia do szeregowych falownik\u00f3w GROWATT WIT 29.9-50K-XHU.\",\"breadcrumb\":{\"@id\":\"https:\/\/pvgroup.pl\/index.php\/produkt\/growatt-axe-5-0h-e1\/#breadcrumb\"},\"inLanguage\":\"pl-PL\",\"potentialAction\":[{\"@type\":\"ReadAction\",\"target\":[\"https:\/\/pvgroup.pl\/index.php\/produkt\/growatt-axe-5-0h-e1\/\"]}]},{\"@type\":\"ImageObject\",\"inLanguage\":\"pl-PL\",\"@id\":\"https:\/\/pvgroup.pl\/index.php\/produkt\/growatt-axe-5-0h-e1\/#primaryimage\",\"url\":\"https:\/\/pvgroup.pl\/wp-content\/uploads\/2024\/12\/PHOTO-2025-01-03-08-47-10.jpg\",\"contentUrl\":\"https:\/\/pvgroup.pl\/wp-content\/uploads\/2024\/12\/PHOTO-2025-01-03-08-47-10.jpg\",\"width\":1080,\"height\":914},{\"@type\":\"BreadcrumbList\",\"@id\":\"https:\/\/pvgroup.pl\/index.php\/produkt\/growatt-axe-5-0h-e1\/#breadcrumb\",\"itemListElement\":[{\"@type\":\"ListItem\",\"position\":1,\"name\":\"Strona g\u0142\u00f3wna\",\"item\":\"https:\/\/pvgroup.pl\/\"},{\"@type\":\"ListItem\",\"position\":2,\"name\":\"Sklep\",\"item\":\"https:\/\/pvgroup.pl\/index.php\/sklep\/\"},{\"@type\":\"ListItem\",\"position\":3,\"name\":\"Growatt AXE 5.0H-E1\"}]},{\"@type\":\"WebSite\",\"@id\":\"https:\/\/pvgroup.pl\/#website\",\"url\":\"https:\/\/pvgroup.pl\/\",\"name\":\"PVGroup.pl - Wszystko do fotowoltaiki\",\"description\":\"Zestawy fotowoltaiczne , Panele s\u0142oneczne,  Fotowoltaika. Zestawy fotowoltaiki,  sklep stacjonarny i OnLine\",\"publisher\":{\"@id\":\"https:\/\/pvgroup.pl\/#organization\"},\"potentialAction\":[{\"@type\":\"SearchAction\",\"target\":{\"@type\":\"EntryPoint\",\"urlTemplate\":\"https:\/\/pvgroup.pl\/?s={search_term_string}\"},\"query-input\":\"required name=search_term_string\"}],\"inLanguage\":\"pl-PL\"},{\"@type\":\"Organization\",\"@id\":\"https:\/\/pvgroup.pl\/#organization\",\"name\":\"PVGroup.pl\",\"url\":\"https:\/\/pvgroup.pl\/\",\"logo\":{\"@type\":\"ImageObject\",\"inLanguage\":\"pl-PL\",\"@id\":\"https:\/\/pvgroup.pl\/#\/schema\/logo\/image\/\",\"url\":\"https:\/\/pvgroup.pl\/wp-content\/uploads\/2019\/10\/PVGroup-logotyp_RGB-kolor-01.png\",\"contentUrl\":\"https:\/\/pvgroup.pl\/wp-content\/uploads\/2019\/10\/PVGroup-logotyp_RGB-kolor-01.png\",\"width\":2415,\"height\":1002,\"caption\":\"PVGroup.pl\"},\"image\":{\"@id\":\"https:\/\/pvgroup.pl\/#\/schema\/logo\/image\/\"},\"sameAs\":[\"https:\/\/www.facebook.com\/pvgrouppl\/\"]}]}<\/script>\n<!-- \/ Yoast SEO plugin. -->","yoast_head_json":{"title":"Growatt AXE 5.0H-E1","description":"Najnowsza Growatt AXE 5.0H-E1 to pojedyncza bateria wysokiego napi\u0119cia do szeregowych falownik\u00f3w GROWATT WIT 29.9-50K-XHU.","robots":{"index":"index","follow":"follow","max-snippet":"max-snippet:-1","max-image-preview":"max-image-preview:large","max-video-preview":"max-video-preview:-1"},"canonical":"https:\/\/pvgroup.pl\/index.php\/produkt\/growatt-axe-5-0h-e1\/","og_locale":"pl_PL","og_type":"article","og_title":"Growatt AXE 5.0H-E1","og_description":"Najnowsza Growatt AXE 5.0H-E1 to pojedyncza bateria wysokiego napi\u0119cia do szeregowych falownik\u00f3w GROWATT WIT 29.9-50K-XHU.","og_url":"https:\/\/pvgroup.pl\/index.php\/produkt\/growatt-axe-5-0h-e1\/","og_site_name":"PVGroup.pl - Wszystko do fotowoltaiki","article_publisher":"https:\/\/www.facebook.com\/pvgrouppl\/","article_modified_time":"2026-04-10T09:19:36+00:00","og_image":[{"width":1080,"height":914,"url":"https:\/\/pvgroup.pl\/wp-content\/uploads\/2024\/12\/PHOTO-2025-01-03-08-47-10.jpg","type":"image\/jpeg"}],"twitter_card":"summary_large_image","twitter_misc":{"Szacowany czas czytania":"3 minuty"},"schema":{"@context":"https:\/\/schema.org","@graph":[{"@type":"WebPage","@id":"https:\/\/pvgroup.pl\/index.php\/produkt\/growatt-axe-5-0h-e1\/","url":"https:\/\/pvgroup.pl\/index.php\/produkt\/growatt-axe-5-0h-e1\/","name":"Growatt AXE 5.0H-E1","isPartOf":{"@id":"https:\/\/pvgroup.pl\/#website"},"primaryImageOfPage":{"@id":"https:\/\/pvgroup.pl\/index.php\/produkt\/growatt-axe-5-0h-e1\/#primaryimage"},"image":{"@id":"https:\/\/pvgroup.pl\/index.php\/produkt\/growatt-axe-5-0h-e1\/#primaryimage"},"thumbnailUrl":"https:\/\/pvgroup.pl\/wp-content\/uploads\/2024\/12\/PHOTO-2025-01-03-08-47-10.jpg","datePublished":"2024-12-20T11:38:27+00:00","dateModified":"2026-04-10T09:19:36+00:00","description":"Najnowsza Growatt AXE 5.0H-E1 to pojedyncza bateria wysokiego napi\u0119cia do szeregowych falownik\u00f3w GROWATT WIT 29.9-50K-XHU.","breadcrumb":{"@id":"https:\/\/pvgroup.pl\/index.php\/produkt\/growatt-axe-5-0h-e1\/#breadcrumb"},"inLanguage":"pl-PL","potentialAction":[{"@type":"ReadAction","target":["https:\/\/pvgroup.pl\/index.php\/produkt\/growatt-axe-5-0h-e1\/"]}]},{"@type":"ImageObject","inLanguage":"pl-PL","@id":"https:\/\/pvgroup.pl\/index.php\/produkt\/growatt-axe-5-0h-e1\/#primaryimage","url":"https:\/\/pvgroup.pl\/wp-content\/uploads\/2024\/12\/PHOTO-2025-01-03-08-47-10.jpg","contentUrl":"https:\/\/pvgroup.pl\/wp-content\/uploads\/2024\/12\/PHOTO-2025-01-03-08-47-10.jpg","width":1080,"height":914},{"@type":"BreadcrumbList","@id":"https:\/\/pvgroup.pl\/index.php\/produkt\/growatt-axe-5-0h-e1\/#breadcrumb","itemListElement":[{"@type":"ListItem","position":1,"name":"Strona g\u0142\u00f3wna","item":"https:\/\/pvgroup.pl\/"},{"@type":"ListItem","position":2,"name":"Sklep","item":"https:\/\/pvgroup.pl\/index.php\/sklep\/"},{"@type":"ListItem","position":3,"name":"Growatt AXE 5.0H-E1"}]},{"@type":"WebSite","@id":"https:\/\/pvgroup.pl\/#website","url":"https:\/\/pvgroup.pl\/","name":"PVGroup.pl - Wszystko do fotowoltaiki","description":"Zestawy fotowoltaiczne , Panele s\u0142oneczne,  Fotowoltaika. Zestawy fotowoltaiki,  sklep stacjonarny i OnLine","publisher":{"@id":"https:\/\/pvgroup.pl\/#organization"},"potentialAction":[{"@type":"SearchAction","target":{"@type":"EntryPoint","urlTemplate":"https:\/\/pvgroup.pl\/?s={search_term_string}"},"query-input":"required name=search_term_string"}],"inLanguage":"pl-PL"},{"@type":"Organization","@id":"https:\/\/pvgroup.pl\/#organization","name":"PVGroup.pl","url":"https:\/\/pvgroup.pl\/","logo":{"@type":"ImageObject","inLanguage":"pl-PL","@id":"https:\/\/pvgroup.pl\/#\/schema\/logo\/image\/","url":"https:\/\/pvgroup.pl\/wp-content\/uploads\/2019\/10\/PVGroup-logotyp_RGB-kolor-01.png","contentUrl":"https:\/\/pvgroup.pl\/wp-content\/uploads\/2019\/10\/PVGroup-logotyp_RGB-kolor-01.png","width":2415,"height":1002,"caption":"PVGroup.pl"},"image":{"@id":"https:\/\/pvgroup.pl\/#\/schema\/logo\/image\/"},"sameAs":["https:\/\/www.facebook.com\/pvgrouppl\/"]}]}},"_links":{"self":[{"href":"https:\/\/pvgroup.pl\/index.php\/wp-json\/wp\/v2\/product\/34485","targetHints":{"allow":["GET"]}}],"collection":[{"href":"https:\/\/pvgroup.pl\/index.php\/wp-json\/wp\/v2\/product"}],"about":[{"href":"https:\/\/pvgroup.pl\/index.php\/wp-json\/wp\/v2\/types\/product"}],"wp:featuredmedia":[{"embeddable":true,"href":"https:\/\/pvgroup.pl\/index.php\/wp-json\/wp\/v2\/media\/34505"}],"wp:attachment":[{"href":"https:\/\/pvgroup.pl\/index.php\/wp-json\/wp\/v2\/media?parent=34485"}],"wp:term":[{"taxonomy":"product_brand","embeddable":true,"href":"https:\/\/pvgroup.pl\/index.php\/wp-json\/wp\/v2\/product_brand?post=34485"},{"taxonomy":"product_cat","embeddable":true,"href":"https:\/\/pvgroup.pl\/index.php\/wp-json\/wp\/v2\/product_cat?post=34485"},{"taxonomy":"product_tag","embeddable":true,"href":"https:\/\/pvgroup.pl\/index.php\/wp-json\/wp\/v2\/product_tag?post=34485"},{"taxonomy":"woo-feed-brand","embeddable":true,"href":"https:\/\/pvgroup.pl\/index.php\/wp-json\/wp\/v2\/woo-feed-brand?post=34485"}],"curies":[{"name":"wp","href":"https:\/\/api.w.org\/{rel}","templated":true}]}}